{"version":"1.0","provider_name":"Cultura e Patrim\u00f3nio","provider_url":"https:\/\/www.cm-evora.pt\/culturaepatrimonio","title":"[:pt]Feira de S. Jo\u00e3o [:] - Cultura e Patrim\u00f3nio","type":"rich","width":600,"height":338,"html":"<blockquote class=\"wp-embedded-content\" data-secret=\"5UaT7H6YRM\"><a href=\"https:\/\/www.cm-evora.pt\/culturaepatrimonio\/cultura-e-patrimonio\/accao-cultural\/feira-de-s-joao\/\">Feira de S. Jo\u00e3o<\/a><\/blockquote><iframe sandbox=\"allow-scripts\" security=\"restricted\" src=\"https:\/\/www.cm-evora.pt\/culturaepatrimonio\/cultura-e-patrimonio\/accao-cultural\/feira-de-s-joao\/embed\/#?secret=5UaT7H6YRM\" width=\"600\" height=\"338\" title=\"&#8220;Feira de S. Jo\u00e3o&#8221; &#8212; Cultura e Patrim\u00f3nio\" data-secret=\"5UaT7H6YRM\" frameborder=\"0\" marginwidth=\"0\" marginheight=\"0\" scrolling=\"no\" class=\"wp-embedded-content\"><\/iframe><script type=\"text\/javascript\">\n\/* <![CDATA[ *\/\n\/*! This file is auto-generated *\/\n!function(d,l){\"use strict\";l.querySelector&&d.addEventListener&&\"undefined\"!=typeof URL&&(d.wp=d.wp||{},d.wp.receiveEmbedMessage||(d.wp.receiveEmbedMessage=function(e){var t=e.data;if((t||t.secret||t.message||t.value)&&!\/[^a-zA-Z0-9]\/.test(t.secret)){for(var s,r,n,a=l.querySelectorAll('iframe[data-secret=\"'+t.secret+'\"]'),o=l.querySelectorAll('blockquote[data-secret=\"'+t.secret+'\"]'),c=new RegExp(\"^https?:$\",\"i\"),i=0;i<o.length;i++)o[i].style.display=\"none\";for(i=0;i<a.length;i++)s=a[i],e.source===s.contentWindow&&(s.removeAttribute(\"style\"),\"height\"===t.message?(1e3<(r=parseInt(t.value,10))?r=1e3:~~r<200&&(r=200),s.height=r):\"link\"===t.message&&(r=new URL(s.getAttribute(\"src\")),n=new URL(t.value),c.test(n.protocol))&&n.host===r.host&&l.activeElement===s&&(d.top.location.href=t.value))}},d.addEventListener(\"message\",d.wp.receiveEmbedMessage,!1),l.addEventListener(\"DOMContentLoaded\",function(){for(var e,t,s=l.querySelectorAll(\"iframe.wp-embedded-content\"),r=0;r<s.length;r++)(t=(e=s[r]).getAttribute(\"data-secret\"))||(t=Math.random().toString(36).substring(2,12),e.src+=\"#?secret=\"+t,e.setAttribute(\"data-secret\",t)),e.contentWindow.postMessage({message:\"ready\",secret:t},\"*\")},!1)))}(window,document);\n\/* ]]> *\/\n<\/script>\n","description":"&nbsp; A Feira de S\u00e3o Jo\u00e3o de \u00c9vora \u00e9 uma festa popular que se celebra, todos os anos, no Rossio de S\u00e3o Br\u00e1s h\u00e1 mais de 500 anos. Para al\u00e9m das tradicionais barracas e carross\u00e9is que se encontram em qualquer festa popular por Portugal e conta com zonas de exposi\u00e7\u00f5es, artesanato, comerciais, comes e bebes, [&hellip;]","thumbnail_url":"https:\/\/www.cm-evora.pt\/culturaepatrimonio\/wp-content\/uploads\/sites\/8\/2023\/10\/FeiraSJoao_2023.jpg"}

Cultura e Património

[:pt]Feira de S. João [:] - Cultura e Património

<blockquote class="wp-embedded-content" data-secret="5UaT7H6YRM"><a href="https://www.cm-evora.pt/culturaepatrimonio/cultura-e-patrimonio/accao-cultural/feira-de-s-joao/">Feira de S. João</a></blockquote><iframe sandbox="allow-scripts" security="restricted" src="https://www.cm-evora.pt/culturaepatrimonio/cultura-e-patrimonio/accao-cultural/feira-de-s-joao/embed/#?secret=5UaT7H6YRM" width="600" height="338" title="&#8220;Feira de S. João&#8221; &#8212; Cultura e Património" data-secret="5UaT7H6YRM" frameborder="0" marginwidth="0" marginheight="0" scrolling="no" class="wp-embedded-content"></iframe><script type="text/javascript">
/* <![CDATA[ */
/*! This file is auto-generated */
!function(d,l){"use strict";l.querySelector&&d.addEventListener&&"undefined"!=typeof URL&&(d.wp=d.wp||{},d.wp.receiveEmbedMessage||(d.wp.receiveEmbedMessage=function(e){var t=e.data;if((t||t.secret||t.message||t.value)&&!/[^a-zA-Z0-9]/.test(t.secret)){for(var s,r,n,a=l.querySelectorAll('iframe[data-secret="'+t.secret+'"]'),o=l.querySelectorAll('blockquote[data-secret="'+t.secret+'"]'),c=new RegExp("^https?:$","i"),i=0;i<o.length;i++)o[i].style.display="none";for(i=0;i<a.length;i++)s=a[i],e.source===s.contentWindow&&(s.removeAttribute("style"),"height"===t.message?(1e3<(r=parseInt(t.value,10))?r=1e3:~~r<200&&(r=200),s.height=r):"link"===t.message&&(r=new URL(s.getAttribute("src")),n=new URL(t.value),c.test(n.protocol))&&n.host===r.host&&l.activeElement===s&&(d.top.location.href=t.value))}},d.addEventListener("message",d.wp.receiveEmbedMessage,!1),l.addEventListener("DOMContentLoaded",function(){for(var e,t,s=l.querySelectorAll("iframe.wp-embedded-content"),r=0;r<s.length;r++)(t=(e=s[r]).getAttribute("data-secret"))||(t=Math.random().toString(36).substring(2,12),e.src+="#?secret="+t,e.setAttribute("data-secret",t)),e.contentWindow.postMessage({message:"ready",secret:t},"*")},!1)))}(window,document);
/* ]]> */
</script>

&nbsp; A Feira de São João de Évora é uma festa popular que se celebra, todos os anos, no Rossio de São Brás há mais de 500 anos. Para além das tradicionais barracas e carrosséis que se encontram em qualquer festa popular por Portugal e conta com zonas de exposições, artesanato, comerciais, comes e bebes, [&hellip;]
