{"id":12410,"date":"2023-03-22T15:10:24","date_gmt":"2023-03-22T15:10:24","guid":{"rendered":"https:\/\/www.cm-evora.pt\/culturaepatrimonio\/?page_id=12410"},"modified":"2023-10-24T09:45:29","modified_gmt":"2023-10-24T09:45:29","slug":"convento-dos-remedios","status":"publish","type":"page","link":"https:\/\/www.cm-evora.pt\/culturaepatrimonio\/cultura-e-patrimonio\/accao-cultural\/rede-de-equipamentos-culturais-municipais\/convento-dos-remedios\/","title":{"rendered":"Convento dos Rem\u00e9dios"},"content":{"rendered":"<p><\/p>\n<div>\n<p><img decoding=\"async\" class=\"alignnone size-full wp-image-12904\" src=\"https:\/\/www.cm-evora.pt\/culturaepatrimonio\/wp-content\/uploads\/sites\/8\/2023\/10\/conventoRemedios2.jpg\" alt=\"\" width=\"100%\" height=\"362\" srcset=\"https:\/\/www.cm-evora.pt\/culturaepatrimonio\/wp-content\/uploads\/sites\/8\/2023\/10\/conventoRemedios2.jpg 639w, https:\/\/www.cm-evora.pt\/culturaepatrimonio\/wp-content\/uploads\/sites\/8\/2023\/10\/conventoRemedios2-300x170.jpg 300w\" sizes=\"(max-width: 639px) 100vw, 639px\" \/><br \/>\n&nbsp;<\/p>\n<p style=\"text-align: justify\">O Convento e Igreja dos Rem\u00e9dios s\u00e3o edif\u00edcios do s\u00e9culo XVII, situados \u00e0s portas da muralha fernandina de \u00c9vora, em frente \u00e0 torre de menagem.<br \/>\nNo reinado de D. Maria II, foram entregues ao Munic\u00edpio de \u00c9vora, assim como a cerca anexa, utilizada como cemit\u00e9rio p\u00fablico, fun\u00e7\u00e3o que se mant\u00e9m. Ap\u00f3s importantes obras de recupera\u00e7\u00e3o, ali se instalaram o Departamento de Arqueologia, a oficina de conserva\u00e7\u00e3o e restauro e a unidade museol\u00f3gica de metrologia. o Conservat\u00f3rio Regional de \u00c9vora e a associa\u00e7\u00e3o Eborae M\u00fasica.<\/p>\n<p style=\"text-align: justify\">Em 2007, abriu ao p\u00fablico o Centro de Interpreta\u00e7\u00e3o Megalithica Ebora, um espa\u00e7o expositivo de car\u00e1cter did\u00e1tico que abarca os per\u00edodos do Megalitismo e Romano.<\/p>\n<p style=\"text-align: justify\">Tamb\u00e9m no Convento dos Rem\u00e9dios se encontra o Laborat\u00f3rio do Patrim\u00f3nio Cultural Imaterial (PCI), criado durante o ano de 2014, resultante da din\u00e2mica do Projeto Europeu \u201cOralidades\u201d.<\/p>\n<p style=\"text-align: justify\">A sua miss\u00e3o \u00e9 a de realizar recolhas das diferentes tradi\u00e7\u00f5es e costumes que ainda se encontram nas mem\u00f3rias das pessoas residentes no Concelho, seja no territ\u00f3rio da cidade, dos bairros ou das freguesias rurais.<\/p>\n<p style=\"text-align: justify\">Hor\u00e1rio: segunda-feira a sexta-feira 9h-19h<\/p>\n<p style=\"text-align: justify\">Localiza\u00e7\u00e3o: Avenida de S. Sebasti\u00e3o, 7000-531 \u00c9vora<\/p>\n<\/div>\n<p>&nbsp;<\/p>\n<div>\n<p><a href=\"https:\/\/www.cm-evora.pt\/culturaepatrimonio\/cultura-e-patrimonio\/accao-cultural\/rede-de-equipamentos-culturais-municipais\/salas-de-espetaculos-e-acolhimentos\/\"><img decoding=\"async\" class=\"alignnone size-full wp-image-12864\" src=\"https:\/\/www.cm-evora.pt\/culturaepatrimonio\/wp-content\/uploads\/sites\/8\/2023\/10\/voltar.jpg\" alt=\"\" width=\"15%\" height=\"auto\" srcset=\"https:\/\/www.cm-evora.pt\/culturaepatrimonio\/wp-content\/uploads\/sites\/8\/2023\/10\/voltar.jpg 2169w, https:\/\/www.cm-evora.pt\/culturaepatrimonio\/wp-content\/uploads\/sites\/8\/2023\/10\/voltar-300x129.jpg 300w, https:\/\/www.cm-evora.pt\/culturaepatrimonio\/wp-content\/uploads\/sites\/8\/2023\/10\/voltar-1024x442.jpg 1024w, https:\/\/www.cm-evora.pt\/culturaepatrimonio\/wp-content\/uploads\/sites\/8\/2023\/10\/voltar-768x331.jpg 768w, https:\/\/www.cm-evora.pt\/culturaepatrimonio\/wp-content\/uploads\/sites\/8\/2023\/10\/voltar-1536x663.jpg 1536w, https:\/\/www.cm-evora.pt\/culturaepatrimonio\/wp-content\/uploads\/sites\/8\/2023\/10\/voltar-2048x884.jpg 2048w, https:\/\/www.cm-evora.pt\/culturaepatrimonio\/wp-content\/uploads\/sites\/8\/2023\/10\/voltar-1320x570.jpg 1320w\" sizes=\"(max-width: 2169px) 100vw, 2169px\" \/><\/a><\/p>\n<\/div>\n<p><\/p>","protected":false},"excerpt":{"rendered":"<p>&nbsp; O Convento e Igreja dos Rem\u00e9dios s\u00e3o edif\u00edcios do s\u00e9culo XVII, situados \u00e0s portas da muralha fernandina de \u00c9vora, em frente \u00e0 torre de menagem. No reinado de D. Maria II, foram entregues ao Munic\u00edpio de \u00c9vora, assim como a cerca anexa, utilizada como cemit\u00e9rio p\u00fablico, fun\u00e7\u00e3o que se mant\u00e9m. Ap\u00f3s importantes obras de [&hellip;]<\/p>\n","protected":false},"author":71,"featured_media":0,"parent":12251,"menu_order":0,"comment_status":"closed","ping_status":"closed","template":"templates-map\/component-newsletter-unsubscribe-layout1.php","meta":{"_acf_changed":false,"footnotes":""},"categories":[],"class_list":["post-12410","page","type-page","status-publish","hentry"],"acf":[],"_links":{"self":[{"href":"https:\/\/www.cm-evora.pt\/culturaepatrimonio\/wp-json\/wp\/v2\/pages\/12410","targetHints":{"allow":["GET"]}}],"collection":[{"href":"https:\/\/www.cm-evora.pt\/culturaepatrimonio\/wp-json\/wp\/v2\/pages"}],"about":[{"href":"https:\/\/www.cm-evora.pt\/culturaepatrimonio\/wp-json\/wp\/v2\/types\/page"}],"author":[{"embeddable":true,"href":"https:\/\/www.cm-evora.pt\/culturaepatrimonio\/wp-json\/wp\/v2\/users\/71"}],"replies":[{"embeddable":true,"href":"https:\/\/www.cm-evora.pt\/culturaepatrimonio\/wp-json\/wp\/v2\/comments?post=12410"}],"version-history":[{"count":4,"href":"https:\/\/www.cm-evora.pt\/culturaepatrimonio\/wp-json\/wp\/v2\/pages\/12410\/revisions"}],"predecessor-version":[{"id":13031,"href":"https:\/\/www.cm-evora.pt\/culturaepatrimonio\/wp-json\/wp\/v2\/pages\/12410\/revisions\/13031"}],"up":[{"embeddable":true,"href":"https:\/\/www.cm-evora.pt\/culturaepatrimonio\/wp-json\/wp\/v2\/pages\/12251"}],"wp:attachment":[{"href":"https:\/\/www.cm-evora.pt\/culturaepatrimonio\/wp-json\/wp\/v2\/media?parent=12410"}],"wp:term":[{"taxonomy":"category","embeddable":true,"href":"https:\/\/www.cm-evora.pt\/culturaepatrimonio\/wp-json\/wp\/v2\/categories?post=12410"}],"curies":[{"name":"wp","href":"https:\/\/api.w.org\/{rel}","templated":true}]}}