{"id":12420,"date":"2023-03-22T15:21:40","date_gmt":"2023-03-22T15:21:40","guid":{"rendered":"https:\/\/www.cm-evora.pt\/culturaepatrimonio\/?page_id=12420"},"modified":"2023-10-24T09:47:15","modified_gmt":"2023-10-24T09:47:15","slug":"cice","status":"publish","type":"page","link":"https:\/\/www.cm-evora.pt\/culturaepatrimonio\/cultura-e-patrimonio\/accao-cultural\/rede-de-equipamentos-culturais-municipais\/cice\/","title":{"rendered":"CICE"},"content":{"rendered":"<p><\/p>\n<div>\n<img decoding=\"async\" class=\"alignnone size-full wp-image-12913\" src=\"https:\/\/www.cm-evora.pt\/culturaepatrimonio\/wp-content\/uploads\/sites\/8\/2023\/10\/CICE2.jpg\" alt=\"\" width=\"100%\" height=\"362\" srcset=\"https:\/\/www.cm-evora.pt\/culturaepatrimonio\/wp-content\/uploads\/sites\/8\/2023\/10\/CICE2.jpg 639w, https:\/\/www.cm-evora.pt\/culturaepatrimonio\/wp-content\/uploads\/sites\/8\/2023\/10\/CICE2-300x170.jpg 300w\" sizes=\"(max-width: 639px) 100vw, 639px\" \/><\/p>\n<p style=\"text-align: justify\">Inaugurado no dia 29 de junho de 2021, Dia da Cidade, depois de uma interven\u00e7\u00e3o que requalificou este monumento nacional, o Pal\u00e1cio de D. Manuel alberga agora o Centro Interpretativo da Cidade de \u00c9vora, al\u00e9m de uma sala de exposi\u00e7\u00f5es tempor\u00e1rias e de uma sala de confer\u00eancias totalmente equipada. O Centro Interpretativo abre agora portas ao p\u00fablico, percorrendo os 20 s\u00e9culos de hist\u00f3ria que modelaram a cidade de \u00c9vora.<\/p>\n<p style=\"text-align: justify\">O Centro Interpretativo da Cidade de \u00c9vora desempenha um papel determinante na prossecu\u00e7\u00e3o de uma estrat\u00e9gia municipal de cria\u00e7\u00e3o de melhores condi\u00e7\u00f5es de acolhimento aos visitantes da Cidade. Procurou estruturar-se em torno de uma narrativa que permite apresentar ao visitante as raz\u00f5es pelas quais \u00c9vora foi considerada Patrim\u00f3nio Cultural da Humanidade. Atrav\u00e9s de documentos, artefactos museol\u00f3gicos, imagens, sons e recursos multim\u00e9dia, foi desenvolvido um discurso que evidencia uma vis\u00e3o abrangente do s\u00edtio classificado, documentando, de forma simples e apelativa, as grandes linhas pelas quais se tece a sua harmonia temporal.<\/p>\n<p style=\"text-align: justify\">Em termos expositivos, procurou-se (re)interpretar as diversas pe\u00e7as, as imagens anal\u00f3gicas e virtuais, as maquetas e as recria\u00e7\u00f5es expostas, cruzando-as com momentos hist\u00f3ricos do pa\u00eds vivenciados em \u00c9vora, atrav\u00e9s de um trilho dram\u00e1tico e sonoro, onde a m\u00fasica, a poesia, relatos ou curtas fic\u00e7\u00f5es dramatizadas permitem estabelecer uma desej\u00e1vel ponte do espa\u00e7o interpretativo para a cidade.<\/p>\n<p style=\"text-align: justify\">O Centro Interpretativo pode ser visitado de ter\u00e7a-feira a s\u00e1bado, entre as 09h30 e 12h30 e entre as 14h00 e as 18h00.<\/p>\n<p style=\"text-align: justify\">Localiza\u00e7\u00e3o: Pal\u00e1cio D. Manuel<\/p>\n<\/div>\n<p>&nbsp;<\/p>\n<div>\n<p><a href=\"https:\/\/www.cm-evora.pt\/culturaepatrimonio\/cultura-e-patrimonio\/accao-cultural\/rede-de-equipamentos-culturais-municipais\/unidades-museologicas\/\"><img decoding=\"async\" class=\"alignnone size-full wp-image-12864\" src=\"https:\/\/www.cm-evora.pt\/culturaepatrimonio\/wp-content\/uploads\/sites\/8\/2023\/10\/voltar.jpg\" alt=\"\" width=\"15%\" height=\"auto\" srcset=\"https:\/\/www.cm-evora.pt\/culturaepatrimonio\/wp-content\/uploads\/sites\/8\/2023\/10\/voltar.jpg 2169w, https:\/\/www.cm-evora.pt\/culturaepatrimonio\/wp-content\/uploads\/sites\/8\/2023\/10\/voltar-300x129.jpg 300w, https:\/\/www.cm-evora.pt\/culturaepatrimonio\/wp-content\/uploads\/sites\/8\/2023\/10\/voltar-1024x442.jpg 1024w, https:\/\/www.cm-evora.pt\/culturaepatrimonio\/wp-content\/uploads\/sites\/8\/2023\/10\/voltar-768x331.jpg 768w, https:\/\/www.cm-evora.pt\/culturaepatrimonio\/wp-content\/uploads\/sites\/8\/2023\/10\/voltar-1536x663.jpg 1536w, https:\/\/www.cm-evora.pt\/culturaepatrimonio\/wp-content\/uploads\/sites\/8\/2023\/10\/voltar-2048x884.jpg 2048w, https:\/\/www.cm-evora.pt\/culturaepatrimonio\/wp-content\/uploads\/sites\/8\/2023\/10\/voltar-1320x570.jpg 1320w\" sizes=\"(max-width: 2169px) 100vw, 2169px\" \/><\/a><\/p>\n<\/div>\n<p><\/p>","protected":false},"excerpt":{"rendered":"<p>Inaugurado no dia 29 de junho de 2021, Dia da Cidade, depois de uma interven\u00e7\u00e3o que requalificou este monumento nacional, o Pal\u00e1cio de D. Manuel alberga agora o Centro Interpretativo da Cidade de \u00c9vora, al\u00e9m de uma sala de exposi\u00e7\u00f5es tempor\u00e1rias e de uma sala de confer\u00eancias totalmente equipada. O Centro Interpretativo abre agora portas [&hellip;]<\/p>\n","protected":false},"author":71,"featured_media":0,"parent":12251,"menu_order":3,"comment_status":"closed","ping_status":"closed","template":"templates-map\/component-newsletter-unsubscribe-layout1.php","meta":{"_acf_changed":false,"footnotes":""},"categories":[],"class_list":["post-12420","page","type-page","status-publish","hentry"],"acf":[],"_links":{"self":[{"href":"https:\/\/www.cm-evora.pt\/culturaepatrimonio\/wp-json\/wp\/v2\/pages\/12420","targetHints":{"allow":["GET"]}}],"collection":[{"href":"https:\/\/www.cm-evora.pt\/culturaepatrimonio\/wp-json\/wp\/v2\/pages"}],"about":[{"href":"https:\/\/www.cm-evora.pt\/culturaepatrimonio\/wp-json\/wp\/v2\/types\/page"}],"author":[{"embeddable":true,"href":"https:\/\/www.cm-evora.pt\/culturaepatrimonio\/wp-json\/wp\/v2\/users\/71"}],"replies":[{"embeddable":true,"href":"https:\/\/www.cm-evora.pt\/culturaepatrimonio\/wp-json\/wp\/v2\/comments?post=12420"}],"version-history":[{"count":3,"href":"https:\/\/www.cm-evora.pt\/culturaepatrimonio\/wp-json\/wp\/v2\/pages\/12420\/revisions"}],"predecessor-version":[{"id":13032,"href":"https:\/\/www.cm-evora.pt\/culturaepatrimonio\/wp-json\/wp\/v2\/pages\/12420\/revisions\/13032"}],"up":[{"embeddable":true,"href":"https:\/\/www.cm-evora.pt\/culturaepatrimonio\/wp-json\/wp\/v2\/pages\/12251"}],"wp:attachment":[{"href":"https:\/\/www.cm-evora.pt\/culturaepatrimonio\/wp-json\/wp\/v2\/media?parent=12420"}],"wp:term":[{"taxonomy":"category","embeddable":true,"href":"https:\/\/www.cm-evora.pt\/culturaepatrimonio\/wp-json\/wp\/v2\/categories?post=12420"}],"curies":[{"name":"wp","href":"https:\/\/api.w.org\/{rel}","templated":true}]}}