{"id":13055,"date":"2023-10-24T14:42:01","date_gmt":"2023-10-24T14:42:01","guid":{"rendered":"https:\/\/www.cm-evora.pt\/culturaepatrimonio\/?page_id=13055"},"modified":"2023-10-24T14:55:52","modified_gmt":"2023-10-24T14:55:52","slug":"feira-de-s-joao","status":"publish","type":"page","link":"https:\/\/www.cm-evora.pt\/culturaepatrimonio\/cultura-e-patrimonio\/accao-cultural\/feira-de-s-joao\/","title":{"rendered":"Feira de S. Jo\u00e3o"},"content":{"rendered":"<p><\/p>\n<div><img decoding=\"async\" class=\"alignnone size-full wp-image-13057\" src=\"https:\/\/www.cm-evora.pt\/culturaepatrimonio\/wp-content\/uploads\/sites\/8\/2023\/10\/FeiraSJoao_2023.jpg\" alt=\"\" width=\"70%\" height=\"auto\" srcset=\"https:\/\/www.cm-evora.pt\/culturaepatrimonio\/wp-content\/uploads\/sites\/8\/2023\/10\/FeiraSJoao_2023.jpg 1448w, https:\/\/www.cm-evora.pt\/culturaepatrimonio\/wp-content\/uploads\/sites\/8\/2023\/10\/FeiraSJoao_2023-212x300.jpg 212w, https:\/\/www.cm-evora.pt\/culturaepatrimonio\/wp-content\/uploads\/sites\/8\/2023\/10\/FeiraSJoao_2023-724x1024.jpg 724w, https:\/\/www.cm-evora.pt\/culturaepatrimonio\/wp-content\/uploads\/sites\/8\/2023\/10\/FeiraSJoao_2023-768x1086.jpg 768w, https:\/\/www.cm-evora.pt\/culturaepatrimonio\/wp-content\/uploads\/sites\/8\/2023\/10\/FeiraSJoao_2023-1086x1536.jpg 1086w, https:\/\/www.cm-evora.pt\/culturaepatrimonio\/wp-content\/uploads\/sites\/8\/2023\/10\/FeiraSJoao_2023-1320x1867.jpg 1320w\" sizes=\"(max-width: 1448px) 100vw, 1448px\" \/><\/div>\n<p>&nbsp;<\/p>\n<div>\n<p style=\"text-align: justify\">A Feira de S\u00e3o Jo\u00e3o de \u00c9vora \u00e9 uma festa popular que se celebra, todos os anos, no Rossio de S\u00e3o Br\u00e1s h\u00e1 mais de 500 anos. Para al\u00e9m das tradicionais barracas e carross\u00e9is que se encontram em qualquer festa popular por Portugal e conta com zonas de exposi\u00e7\u00f5es, artesanato, comerciais, comes e bebes, stands, divers\u00f5es populares, desporto.<\/p>\n<p><a href=\"https:\/\/www.cm-evora.pt\/investidor\/mercados-e-feiras\/feira-de-s-joao\/\" target=\"_blank\" rel=\"noopener\">https:\/\/www.cm-evora.pt\/investidor\/mercados-e-feiras\/feira-de-s-joao\/<\/a><br \/>\n<a href=\"https:\/\/www.cm-evora.pt\/investidor\/mercados-e-feiras\/feira-de-s-joao\/\" target=\"_blank\" rel=\"noopener\">https:\/\/www.cm-evora.pt\/investidor\/mercados-e-feiras\/feira-de-s-joao\/<\/a><\/p>\n<\/div>\n<p>&nbsp;<\/p>\n<div>\n<p><a href=\"https:\/\/www.cm-evora.pt\/culturaepatrimonio\/cultura-e-patrimonio\/accao-cultural\/ciclos-culturais-municipais\/\"><img decoding=\"async\" class=\"alignnone size-full wp-image-12864\" src=\"https:\/\/www.cm-evora.pt\/culturaepatrimonio\/wp-content\/uploads\/sites\/8\/2023\/10\/voltar.jpg\" alt=\"\" width=\"15%\" height=\"auto\" srcset=\"https:\/\/www.cm-evora.pt\/culturaepatrimonio\/wp-content\/uploads\/sites\/8\/2023\/10\/voltar.jpg 2169w, https:\/\/www.cm-evora.pt\/culturaepatrimonio\/wp-content\/uploads\/sites\/8\/2023\/10\/voltar-300x129.jpg 300w, https:\/\/www.cm-evora.pt\/culturaepatrimonio\/wp-content\/uploads\/sites\/8\/2023\/10\/voltar-1024x442.jpg 1024w, https:\/\/www.cm-evora.pt\/culturaepatrimonio\/wp-content\/uploads\/sites\/8\/2023\/10\/voltar-768x331.jpg 768w, https:\/\/www.cm-evora.pt\/culturaepatrimonio\/wp-content\/uploads\/sites\/8\/2023\/10\/voltar-1536x663.jpg 1536w, https:\/\/www.cm-evora.pt\/culturaepatrimonio\/wp-content\/uploads\/sites\/8\/2023\/10\/voltar-2048x884.jpg 2048w, https:\/\/www.cm-evora.pt\/culturaepatrimonio\/wp-content\/uploads\/sites\/8\/2023\/10\/voltar-1320x570.jpg 1320w\" sizes=\"(max-width: 2169px) 100vw, 2169px\" \/><\/a><\/p>\n<\/div>\n<p><\/p>","protected":false},"excerpt":{"rendered":"<p>&nbsp; A Feira de S\u00e3o Jo\u00e3o de \u00c9vora \u00e9 uma festa popular que se celebra, todos os anos, no Rossio de S\u00e3o Br\u00e1s h\u00e1 mais de 500 anos. Para al\u00e9m das tradicionais barracas e carross\u00e9is que se encontram em qualquer festa popular por Portugal e conta com zonas de exposi\u00e7\u00f5es, artesanato, comerciais, comes e bebes, [&hellip;]<\/p>\n","protected":false},"author":71,"featured_media":0,"parent":15,"menu_order":0,"comment_status":"closed","ping_status":"closed","template":"templates-map\/component-newsletter-unsubscribe-layout1.php","meta":{"_acf_changed":false,"footnotes":""},"categories":[],"class_list":["post-13055","page","type-page","status-publish","hentry"],"acf":[],"_links":{"self":[{"href":"https:\/\/www.cm-evora.pt\/culturaepatrimonio\/wp-json\/wp\/v2\/pages\/13055","targetHints":{"allow":["GET"]}}],"collection":[{"href":"https:\/\/www.cm-evora.pt\/culturaepatrimonio\/wp-json\/wp\/v2\/pages"}],"about":[{"href":"https:\/\/www.cm-evora.pt\/culturaepatrimonio\/wp-json\/wp\/v2\/types\/page"}],"author":[{"embeddable":true,"href":"https:\/\/www.cm-evora.pt\/culturaepatrimonio\/wp-json\/wp\/v2\/users\/71"}],"replies":[{"embeddable":true,"href":"https:\/\/www.cm-evora.pt\/culturaepatrimonio\/wp-json\/wp\/v2\/comments?post=13055"}],"version-history":[{"count":4,"href":"https:\/\/www.cm-evora.pt\/culturaepatrimonio\/wp-json\/wp\/v2\/pages\/13055\/revisions"}],"predecessor-version":[{"id":13063,"href":"https:\/\/www.cm-evora.pt\/culturaepatrimonio\/wp-json\/wp\/v2\/pages\/13055\/revisions\/13063"}],"up":[{"embeddable":true,"href":"https:\/\/www.cm-evora.pt\/culturaepatrimonio\/wp-json\/wp\/v2\/pages\/15"}],"wp:attachment":[{"href":"https:\/\/www.cm-evora.pt\/culturaepatrimonio\/wp-json\/wp\/v2\/media?parent=13055"}],"wp:term":[{"taxonomy":"category","embeddable":true,"href":"https:\/\/www.cm-evora.pt\/culturaepatrimonio\/wp-json\/wp\/v2\/categories?post=13055"}],"curies":[{"name":"wp","href":"https:\/\/api.w.org\/{rel}","templated":true}]}}