{"id":13070,"date":"2023-10-25T09:26:48","date_gmt":"2023-10-25T09:26:48","guid":{"rendered":"https:\/\/www.cm-evora.pt\/culturaepatrimonio\/?page_id=13070"},"modified":"2023-10-25T09:26:48","modified_gmt":"2023-10-25T09:26:48","slug":"festival-musica-contemporanea","status":"publish","type":"page","link":"https:\/\/www.cm-evora.pt\/culturaepatrimonio\/cultura-e-patrimonio\/accao-cultural\/festival-musica-contemporanea\/","title":{"rendered":"Festival M\u00fasica Contempor\u00e2nea"},"content":{"rendered":"<p><\/p>\n<div><img decoding=\"async\" class=\"alignnone size-full wp-image-13071\" src=\"https:\/\/www.cm-evora.pt\/culturaepatrimonio\/wp-content\/uploads\/sites\/8\/2023\/10\/musicacontemporanea_2021.jpeg\" alt=\"\" width=\"70%\" height=\"auto\" srcset=\"https:\/\/www.cm-evora.pt\/culturaepatrimonio\/wp-content\/uploads\/sites\/8\/2023\/10\/musicacontemporanea_2021.jpeg 1448w, https:\/\/www.cm-evora.pt\/culturaepatrimonio\/wp-content\/uploads\/sites\/8\/2023\/10\/musicacontemporanea_2021-212x300.jpeg 212w, https:\/\/www.cm-evora.pt\/culturaepatrimonio\/wp-content\/uploads\/sites\/8\/2023\/10\/musicacontemporanea_2021-724x1024.jpeg 724w, https:\/\/www.cm-evora.pt\/culturaepatrimonio\/wp-content\/uploads\/sites\/8\/2023\/10\/musicacontemporanea_2021-768x1086.jpeg 768w, https:\/\/www.cm-evora.pt\/culturaepatrimonio\/wp-content\/uploads\/sites\/8\/2023\/10\/musicacontemporanea_2021-1086x1536.jpeg 1086w, https:\/\/www.cm-evora.pt\/culturaepatrimonio\/wp-content\/uploads\/sites\/8\/2023\/10\/musicacontemporanea_2021-1320x1867.jpeg 1320w\" sizes=\"(max-width: 1448px) 100vw, 1448px\" \/><\/div>\n<p>&nbsp;<\/p>\n<div>\n<p style=\"text-align: justify\"><b>Festival M\u00fasica Contempor\u00e2nea<\/b> &#8211; 4 edi\u00e7\u00f5es<\/p>\n<p style=\"text-align: justify\">&#8211; 6 a 10 de junho de 2018<\/p>\n<p style=\"text-align: justify\">&#8211; 14 a 16 de junho de 2019<\/p>\n<p style=\"text-align: justify\">&#8211; 15 a 17 de outubro de 2021<\/p>\n<p style=\"text-align: justify\">&#8211; 28 julho a 14 de agosto 2022<\/p>\n<p style=\"text-align: justify\">&#8211; 5 a 10 de setembro 2023<\/p>\n<p style=\"text-align: justify\">Reflete o car\u00e1cter abrangente da m\u00fasica erudita contempor\u00e2nea, cujas ra\u00edzes mais pr\u00f3ximas se encontram na m\u00fasica do s\u00e9culo XX, apresentando obras de compositores e int\u00e9rpretes nacionais e internacionais.<\/p>\n<p><a href=\"http:\/\/www.projecto-dme.org\/2021\/09\/festival-musica-contemporanea-evora-2021.html\" target=\"_blank\" rel=\"noopener\">http:\/\/www.projecto-dme.org\/2021\/09\/festival-musica-contemporanea-evora-2021.html<\/a><\/p>\n<\/div>\n<p>&nbsp;<\/p>\n<div>\n<p><a href=\"https:\/\/www.cm-evora.pt\/culturaepatrimonio\/cultura-e-patrimonio\/accao-cultural\/ciclos-culturais-municipais\/\"><img decoding=\"async\" class=\"alignnone size-full wp-image-12864\" src=\"https:\/\/www.cm-evora.pt\/culturaepatrimonio\/wp-content\/uploads\/sites\/8\/2023\/10\/voltar.jpg\" alt=\"\" width=\"15%\" height=\"auto\" srcset=\"https:\/\/www.cm-evora.pt\/culturaepatrimonio\/wp-content\/uploads\/sites\/8\/2023\/10\/voltar.jpg 2169w, https:\/\/www.cm-evora.pt\/culturaepatrimonio\/wp-content\/uploads\/sites\/8\/2023\/10\/voltar-300x129.jpg 300w, https:\/\/www.cm-evora.pt\/culturaepatrimonio\/wp-content\/uploads\/sites\/8\/2023\/10\/voltar-1024x442.jpg 1024w, https:\/\/www.cm-evora.pt\/culturaepatrimonio\/wp-content\/uploads\/sites\/8\/2023\/10\/voltar-768x331.jpg 768w, https:\/\/www.cm-evora.pt\/culturaepatrimonio\/wp-content\/uploads\/sites\/8\/2023\/10\/voltar-1536x663.jpg 1536w, https:\/\/www.cm-evora.pt\/culturaepatrimonio\/wp-content\/uploads\/sites\/8\/2023\/10\/voltar-2048x884.jpg 2048w, https:\/\/www.cm-evora.pt\/culturaepatrimonio\/wp-content\/uploads\/sites\/8\/2023\/10\/voltar-1320x570.jpg 1320w\" sizes=\"(max-width: 2169px) 100vw, 2169px\" \/><\/a><\/p>\n<\/div>\n<p><\/p>","protected":false},"excerpt":{"rendered":"<p>&nbsp; Festival M\u00fasica Contempor\u00e2nea &#8211; 4 edi\u00e7\u00f5es &#8211; 6 a 10 de junho de 2018 &#8211; 14 a 16 de junho de 2019 &#8211; 15 a 17 de outubro de 2021 &#8211; 28 julho a 14 de agosto 2022 &#8211; 5 a 10 de setembro 2023 Reflete o car\u00e1cter abrangente da m\u00fasica erudita contempor\u00e2nea, cujas [&hellip;]<\/p>\n","protected":false},"author":71,"featured_media":0,"parent":15,"menu_order":0,"comment_status":"closed","ping_status":"closed","template":"templates-map\/component-newsletter-unsubscribe-layout1.php","meta":{"_acf_changed":false,"footnotes":""},"categories":[],"class_list":["post-13070","page","type-page","status-publish","hentry"],"acf":[],"_links":{"self":[{"href":"https:\/\/www.cm-evora.pt\/culturaepatrimonio\/wp-json\/wp\/v2\/pages\/13070","targetHints":{"allow":["GET"]}}],"collection":[{"href":"https:\/\/www.cm-evora.pt\/culturaepatrimonio\/wp-json\/wp\/v2\/pages"}],"about":[{"href":"https:\/\/www.cm-evora.pt\/culturaepatrimonio\/wp-json\/wp\/v2\/types\/page"}],"author":[{"embeddable":true,"href":"https:\/\/www.cm-evora.pt\/culturaepatrimonio\/wp-json\/wp\/v2\/users\/71"}],"replies":[{"embeddable":true,"href":"https:\/\/www.cm-evora.pt\/culturaepatrimonio\/wp-json\/wp\/v2\/comments?post=13070"}],"version-history":[{"count":1,"href":"https:\/\/www.cm-evora.pt\/culturaepatrimonio\/wp-json\/wp\/v2\/pages\/13070\/revisions"}],"predecessor-version":[{"id":13072,"href":"https:\/\/www.cm-evora.pt\/culturaepatrimonio\/wp-json\/wp\/v2\/pages\/13070\/revisions\/13072"}],"up":[{"embeddable":true,"href":"https:\/\/www.cm-evora.pt\/culturaepatrimonio\/wp-json\/wp\/v2\/pages\/15"}],"wp:attachment":[{"href":"https:\/\/www.cm-evora.pt\/culturaepatrimonio\/wp-json\/wp\/v2\/media?parent=13070"}],"wp:term":[{"taxonomy":"category","embeddable":true,"href":"https:\/\/www.cm-evora.pt\/culturaepatrimonio\/wp-json\/wp\/v2\/categories?post=13070"}],"curies":[{"name":"wp","href":"https:\/\/api.w.org\/{rel}","templated":true}]}}