{"version":"1.0","provider_name":"Portal Institucional","provider_url":"https:\/\/www.cm-evora.pt\/en","title":"(Portugu\u00eas) Centros de Dia festejaram Santos Populares - Portal Institucional","type":"rich","width":600,"height":338,"html":"<blockquote class=\"wp-embedded-content\" data-secret=\"tA9qexqPot\"><a href=\"https:\/\/www.cm-evora.pt\/en\/centros-de-dia-festejaram-santos-populares\/\">(Portugu\u00eas) Centros de Dia festejaram Santos Populares<\/a><\/blockquote><iframe sandbox=\"allow-scripts\" security=\"restricted\" src=\"https:\/\/www.cm-evora.pt\/en\/centros-de-dia-festejaram-santos-populares\/embed\/#?secret=tA9qexqPot\" width=\"600\" height=\"338\" title=\"&#8220;(Portugu\u00eas) Centros de Dia festejaram Santos Populares&#8221; &#8212; Portal Institucional\" data-secret=\"tA9qexqPot\" frameborder=\"0\" marginwidth=\"0\" marginheight=\"0\" scrolling=\"no\" class=\"wp-embedded-content\"><\/iframe><script type=\"text\/javascript\">\n\/* <![CDATA[ *\/\n\/*! This file is auto-generated *\/\n!function(d,l){\"use strict\";l.querySelector&&d.addEventListener&&\"undefined\"!=typeof URL&&(d.wp=d.wp||{},d.wp.receiveEmbedMessage||(d.wp.receiveEmbedMessage=function(e){var t=e.data;if((t||t.secret||t.message||t.value)&&!\/[^a-zA-Z0-9]\/.test(t.secret)){for(var s,r,n,a=l.querySelectorAll('iframe[data-secret=\"'+t.secret+'\"]'),o=l.querySelectorAll('blockquote[data-secret=\"'+t.secret+'\"]'),c=new RegExp(\"^https?:$\",\"i\"),i=0;i<o.length;i++)o[i].style.display=\"none\";for(i=0;i<a.length;i++)s=a[i],e.source===s.contentWindow&&(s.removeAttribute(\"style\"),\"height\"===t.message?(1e3<(r=parseInt(t.value,10))?r=1e3:~~r<200&&(r=200),s.height=r):\"link\"===t.message&&(r=new URL(s.getAttribute(\"src\")),n=new URL(t.value),c.test(n.protocol))&&n.host===r.host&&l.activeElement===s&&(d.top.location.href=t.value))}},d.addEventListener(\"message\",d.wp.receiveEmbedMessage,!1),l.addEventListener(\"DOMContentLoaded\",function(){for(var e,t,s=l.querySelectorAll(\"iframe.wp-embedded-content\"),r=0;r<s.length;r++)(t=(e=s[r]).getAttribute(\"data-secret\"))||(t=Math.random().toString(36).substring(2,12),e.src+=\"#?secret=\"+t,e.setAttribute(\"data-secret\",t)),e.contentWindow.postMessage({message:\"ready\",secret:t},\"*\")},!1)))}(window,document);\n\/* ]]> *\/\n<\/script>\n","thumbnail_url":"https:\/\/www.cm-evora.pt\/wp-content\/uploads\/2022\/07\/CSPSBCasinha.jpg","thumbnail_width":1920,"thumbnail_height":1155,"description":"Sorry, this entry is only available in Portugu\u00eas. Os seniores do concelho de \u00c9vora festejaram os Santos Populares atrav\u00e9s de uma a\u00e7\u00e3o promovida pela C\u00e2mara Municipal de \u00c9vora em parceria com institui\u00e7\u00f5es da Rede Solid\u00e1ria, com resposta de Centro de Dia, integrada no Plano de A\u00e7\u00e3o de 2022 da Unidade de Rede de Envelhecimento Positivo, [&hellip;]"}

(Português) Centros de Dia festejaram Santos Populares - Portal Institucional

<blockquote class="wp-embedded-content" data-secret="tA9qexqPot"><a href="https://www.cm-evora.pt/en/centros-de-dia-festejaram-santos-populares/">(Português) Centros de Dia festejaram Santos Populares</a></blockquote><iframe sandbox="allow-scripts" security="restricted" src="https://www.cm-evora.pt/en/centros-de-dia-festejaram-santos-populares/embed/#?secret=tA9qexqPot" width="600" height="338" title="&#8220;(Português) Centros de Dia festejaram Santos Populares&#8221; &#8212; Portal Institucional" data-secret="tA9qexqPot" frameborder="0" marginwidth="0" marginheight="0" scrolling="no" class="wp-embedded-content"></iframe><script type="text/javascript">
/* <![CDATA[ */
/*! This file is auto-generated */
!function(d,l){"use strict";l.querySelector&&d.addEventListener&&"undefined"!=typeof URL&&(d.wp=d.wp||{},d.wp.receiveEmbedMessage||(d.wp.receiveEmbedMessage=function(e){var t=e.data;if((t||t.secret||t.message||t.value)&&!/[^a-zA-Z0-9]/.test(t.secret)){for(var s,r,n,a=l.querySelectorAll('iframe[data-secret="'+t.secret+'"]'),o=l.querySelectorAll('blockquote[data-secret="'+t.secret+'"]'),c=new RegExp("^https?:$","i"),i=0;i<o.length;i++)o[i].style.display="none";for(i=0;i<a.length;i++)s=a[i],e.source===s.contentWindow&&(s.removeAttribute("style"),"height"===t.message?(1e3<(r=parseInt(t.value,10))?r=1e3:~~r<200&&(r=200),s.height=r):"link"===t.message&&(r=new URL(s.getAttribute("src")),n=new URL(t.value),c.test(n.protocol))&&n.host===r.host&&l.activeElement===s&&(d.top.location.href=t.value))}},d.addEventListener("message",d.wp.receiveEmbedMessage,!1),l.addEventListener("DOMContentLoaded",function(){for(var e,t,s=l.querySelectorAll("iframe.wp-embedded-content"),r=0;r<s.length;r++)(t=(e=s[r]).getAttribute("data-secret"))||(t=Math.random().toString(36).substring(2,12),e.src+="#?secret="+t,e.setAttribute("data-secret",t)),e.contentWindow.postMessage({message:"ready",secret:t},"*")},!1)))}(window,document);
/* ]]> */
</script>

Sorry, this entry is only available in Português. Os seniores do concelho de Évora festejaram os Santos Populares através de uma ação promovida pela Câmara Municipal de Évora em parceria com instituições da Rede Solidária, com resposta de Centro de Dia, integrada no Plano de Ação de 2022 da Unidade de Rede de Envelhecimento Positivo, [&hellip;]
