{"id":1412,"date":"2019-10-17T10:04:20","date_gmt":"2019-10-17T09:04:20","guid":{"rendered":"https:\/\/evora2.int.skilltech.pt\/susProjects\/wp_evora2_suite\/?page_id=1412"},"modified":"2024-07-23T14:30:10","modified_gmt":"2024-07-23T13:30:10","slug":"heraldica","status":"publish","type":"page","link":"https:\/\/www.cm-evora.pt\/en\/municipe\/evora\/heraldica\/","title":{"rendered":"Her\u00e1ldica"},"content":{"rendered":"<p class=\"qtranxs-available-languages-message qtranxs-available-languages-message-en\">Sorry, this entry is only available in <a href=\"https:\/\/www.cm-evora.pt\/pt\/wp-json\/wp\/v2\/pages\/1412\" class=\"qtranxs-available-language-link qtranxs-available-language-link-pt\" title=\"Portugu\u00eas\">Portugu\u00eas<\/a>.<\/p><p><\/p>\n<p style=\"text-align: center\"><a href=\"https:\/\/www.cm-evora.pt\/wp-content\/uploads\/2020\/09\/CME_bandeira.jpg\" target=\"_blank\" rel=\"noopener noreferrer\"><img loading=\"lazy\" decoding=\"async\" class=\"alignnone wp-image-14945\" src=\"https:\/\/www.cm-evora.pt\/wp-content\/uploads\/2020\/09\/CME_bandeira.jpg\" alt=\"\" width=\"923\" height=\"523\" srcset=\"https:\/\/www.cm-evora.pt\/wp-content\/uploads\/2020\/09\/CME_bandeira.jpg 639w, https:\/\/www.cm-evora.pt\/wp-content\/uploads\/2020\/09\/CME_bandeira-300x170.jpg 300w\" sizes=\"auto, (max-width: 923px) 100vw, 923px\" \/><\/a><\/p>\n<p>Em 28 de Outubro de 1987, a C\u00e2mara Municipal de \u00c9vora deliberou por unanimidade aprovar novos s\u00edmbolos do munic\u00edpio &#8211; Bras\u00e3o, Bandeira e Selo -, uma vez que o uso dos anteriores n\u00e3o tinha sido objeto de qualquer delibera\u00e7\u00e3o, nem o Bras\u00e3o proposto pela C\u00e2mara em 1951 tinha sido referendado pelo Estado. Por maioria, foram tamb\u00e9m aprovadas nessa data as novas cores da bandeira, ginorada de duas cores &#8211; vermelho e ouro, como compete a uma cidade.<\/p>\n<p>Em 30 de Dezembro de 1987, a proposta da C\u00e2mara referente aos s\u00edmbolos do munic\u00edpio foi objeto de delibera\u00e7\u00e3o da Assembleia Municipal de \u00c9vora, que a aprovou por unanimidade. Os s\u00edmbolos do Munic\u00edpio foram posteriormente objeto de publica\u00e7\u00e3o em <a href=\"https:\/\/www.cm-evora.pt\/wp-content\/uploads\/2020\/05\/dr-brasao.pdf\" target=\"_blank\" rel=\"noopener noreferrer\">Di\u00e1rio da Rep\u00fablica, III s\u00e9rie, n.\u00ba 236, de 12 de outubro de 1990<\/a>.<\/p>\n<p>A decis\u00e3o da C\u00e2mara Municipal teve em conta o parecer do Dr. Pedro Sameiro, especialista em her\u00e1ldica, que prop\u00f4s a escolha alternativa entre o vermelho e ouro e negro e ouro, repudiando a antiga bandeira gironada a vermelho e azul, que n\u00e3o respeita as regras estabelecidas na her\u00e1ldica.<\/p>\n<p>No entender deste especialista, e apesar do negro ser mais evidente no bras\u00e3o que o vermelho, este poder-se-\u00e1 justificar quer a solu\u00e7\u00e3o de compromisso com a bandeira anterior (vermelho e azul) quer porque o vermelho tem sido a cor tradicional do poder municipal.<\/p>\n<p>Por outro lado, encontra-se exposta nos Pa\u00e7os do Concelho uma bandeira, provavelmente da \u00e9poca filipina, que supostamente representa, em fundo vermelho, o cavaleiro Geraldo Sem Pavor e as cabe\u00e7as mouriscas degoladas, como salientou o Sr. T\u00falio Espanca.<\/p>\n<p><\/p>","protected":false},"excerpt":{"rendered":"<p>Sorry, this entry is only available in Portugu\u00eas. Em 28 de Outubro de 1987, a C\u00e2mara Municipal de \u00c9vora deliberou por unanimidade aprovar novos s\u00edmbolos do munic\u00edpio &#8211; Bras\u00e3o, Bandeira e Selo -, uma vez que o uso dos anteriores n\u00e3o tinha sido objeto de qualquer delibera\u00e7\u00e3o, nem o Bras\u00e3o proposto pela C\u00e2mara em 1951 [&hellip;]<\/p>\n","protected":false},"author":1,"featured_media":0,"parent":1288,"menu_order":1,"comment_status":"closed","ping_status":"closed","template":"templates-map\/component-text-list-layout1.php","meta":{"_acf_changed":false,"footnotes":""},"categories":[],"class_list":["post-1412","page","type-page","status-publish","hentry"],"acf":[],"_links":{"self":[{"href":"https:\/\/www.cm-evora.pt\/en\/wp-json\/wp\/v2\/pages\/1412","targetHints":{"allow":["GET"]}}],"collection":[{"href":"https:\/\/www.cm-evora.pt\/en\/wp-json\/wp\/v2\/pages"}],"about":[{"href":"https:\/\/www.cm-evora.pt\/en\/wp-json\/wp\/v2\/types\/page"}],"author":[{"embeddable":true,"href":"https:\/\/www.cm-evora.pt\/en\/wp-json\/wp\/v2\/users\/1"}],"replies":[{"embeddable":true,"href":"https:\/\/www.cm-evora.pt\/en\/wp-json\/wp\/v2\/comments?post=1412"}],"version-history":[{"count":21,"href":"https:\/\/www.cm-evora.pt\/en\/wp-json\/wp\/v2\/pages\/1412\/revisions"}],"predecessor-version":[{"id":64051,"href":"https:\/\/www.cm-evora.pt\/en\/wp-json\/wp\/v2\/pages\/1412\/revisions\/64051"}],"up":[{"embeddable":true,"href":"https:\/\/www.cm-evora.pt\/en\/wp-json\/wp\/v2\/pages\/1288"}],"wp:attachment":[{"href":"https:\/\/www.cm-evora.pt\/en\/wp-json\/wp\/v2\/media?parent=1412"}],"wp:term":[{"taxonomy":"category","embeddable":true,"href":"https:\/\/www.cm-evora.pt\/en\/wp-json\/wp\/v2\/categories?post=1412"}],"curies":[{"name":"wp","href":"https:\/\/api.w.org\/{rel}","templated":true}]}}

Heráldica

<p class="qtranxs-available-languages-message qtranxs-available-languages-message-en">Sorry, this entry is only available in <a href="https://www.cm-evora.pt/pt/wp-json/wp/v2/pages/1412" class="qtranxs-available-language-link qtranxs-available-language-link-pt" title="Português">Português</a>.</p><p></p>
<p style="text-align: center"><a href="https://www.cm-evora.pt/wp-content/uploads/2020/09/CME_bandeira.jpg" target="_blank" rel="noopener noreferrer"><img loading="lazy" decoding="async" class="alignnone wp-image-14945" src="https://www.cm-evora.pt/wp-content/uploads/2020/09/CME_bandeira.jpg" alt="" width="923" height="523" srcset="https://www.cm-evora.pt/wp-content/uploads/2020/09/CME_bandeira.jpg 639w, https://www.cm-evora.pt/wp-content/uploads/2020/09/CME_bandeira-300x170.jpg 300w" sizes="auto, (max-width: 923px) 100vw, 923px" /></a></p>
<p>Em 28 de Outubro de 1987, a Câmara Municipal de Évora deliberou por unanimidade aprovar novos símbolos do município &#8211; Brasão, Bandeira e Selo -, uma vez que o uso dos anteriores não tinha sido objeto de qualquer deliberação, nem o Brasão proposto pela Câmara em 1951 tinha sido referendado pelo Estado. Por maioria, foram também aprovadas nessa data as novas cores da bandeira, ginorada de duas cores &#8211; vermelho e ouro, como compete a uma cidade.</p>
<p>Em 30 de Dezembro de 1987, a proposta da Câmara referente aos símbolos do município foi objeto de deliberação da Assembleia Municipal de Évora, que a aprovou por unanimidade. Os símbolos do Município foram posteriormente objeto de publicação em <a href="https://www.cm-evora.pt/wp-content/uploads/2020/05/dr-brasao.pdf" target="_blank" rel="noopener noreferrer">Diário da República, III série, n.º 236, de 12 de outubro de 1990</a>.</p>
<p>A decisão da Câmara Municipal teve em conta o parecer do Dr. Pedro Sameiro, especialista em heráldica, que propôs a escolha alternativa entre o vermelho e ouro e negro e ouro, repudiando a antiga bandeira gironada a vermelho e azul, que não respeita as regras estabelecidas na heráldica.</p>
<p>No entender deste especialista, e apesar do negro ser mais evidente no brasão que o vermelho, este poder-se-á justificar quer a solução de compromisso com a bandeira anterior (vermelho e azul) quer porque o vermelho tem sido a cor tradicional do poder municipal.</p>
<p>Por outro lado, encontra-se exposta nos Paços do Concelho uma bandeira, provavelmente da época filipina, que supostamente representa, em fundo vermelho, o cavaleiro Geraldo Sem Pavor e as cabeças mouriscas degoladas, como salientou o Sr. Túlio Espanca.</p>
<p></p>

<p>Sorry, this entry is only available in Português. Em 28 de Outubro de 1987, a Câmara Municipal de Évora deliberou por unanimidade aprovar novos símbolos do município &#8211; Brasão, Bandeira e Selo -, uma vez que o uso dos anteriores não tinha sido objeto de qualquer deliberação, nem o Brasão proposto pela Câmara em 1951 [&hellip;]</p>
