{"id":14344,"date":"2020-07-09T15:35:32","date_gmt":"2020-07-09T14:35:32","guid":{"rendered":"https:\/\/evora2.int.skilltech.pt\/susProjects\/wp_evora2_suite\/?page_id=14344"},"modified":"2021-10-15T12:25:02","modified_gmt":"2021-10-15T11:25:02","slug":"s-joaozinho-espaco-crianca-da-feira-de-s-joao","status":"archive","type":"page","link":"https:\/\/www.cm-evora.pt\/en\/municipe\/projetos-municipais\/pel-projeto-educativo-local\/iniciativas\/s-joaozinho-espaco-crianca-da-feira-de-s-joao\/","title":{"rendered":"Archived: S. Jo\u00e3ozinho &#8211; Espa\u00e7o Crian\u00e7a da Feira de S. Jo\u00e3o"},"content":{"rendered":"<p class=\"qtranxs-available-languages-message qtranxs-available-languages-message-en\">Sorry, this entry is only available in <a href=\"https:\/\/www.cm-evora.pt\/pt\/wp-json\/wp\/v2\/pages\/14344\" class=\"qtranxs-available-language-link qtranxs-available-language-link-pt\" title=\"Portugu\u00eas\">Portugu\u00eas<\/a>.<\/p><p><\/p>\n<p style=\"text-align: center\"><a href=\"https:\/\/www.cm-evora.pt\/wp-content\/uploads\/2021\/01\/SJoazinho639.jpg\"><img loading=\"lazy\" decoding=\"async\" class=\"alignnone size-full wp-image-18455\" src=\"https:\/\/www.cm-evora.pt\/wp-content\/uploads\/2021\/01\/SJoazinho639.jpg\" alt=\"\" width=\"639\" height=\"362\" srcset=\"https:\/\/www.cm-evora.pt\/wp-content\/uploads\/2021\/01\/SJoazinho639.jpg 639w, https:\/\/www.cm-evora.pt\/wp-content\/uploads\/2021\/01\/SJoazinho639-300x170.jpg 300w\" sizes=\"auto, (max-width: 639px) 100vw, 639px\" \/><\/a><\/p>\n<p><strong class=\"ms-rteThemeForeColor-4-5\">Promotor<\/strong><\/p>\n<p><span class=\"ms-rteThemeForeColor-4-5\">C\u00e2mara Municipal de \u00c9vora &#8211; Divis\u00e3o de Educa\u00e7\u00e3o e Interven\u00e7\u00e3o Social.<\/span><\/p>\n<p>&nbsp;<\/p>\n<p><strong class=\"ms-rteThemeForeColor-4-5\">Respons\u00e1vel<\/strong><\/p>\n<p><span class=\"ms-rteThemeForeColor-4-5\">Elsa Oliveira | Vic\u00eancia Cominho<\/span><\/p>\n<p>&nbsp;<\/p>\n<p><strong class=\"ms-rteThemeForeColor-4-5\">Entidades Parceiras<\/strong><\/p>\n<p><span class=\"ms-rteThemeForeColor-4-5\">Institui\u00e7\u00f5es educativas, GARE, PSP, GNR e outras parcerias estrat\u00e9gicas, conforme o projeto a implementar anualmente.<\/span><\/p>\n<p>&nbsp;<\/p>\n<p><strong class=\"ms-rteThemeForeColor-4-5\">Objetivos<\/strong><\/p>\n<p><span class=\"ms-rteThemeForeColor-4-5\">Proporcionar \u00e0s crian\u00e7as e \u00e0s suas fam\u00edlias atividades l\u00fadico-pedag\u00f3gicas, capazes de promover a aprendizagem, a partilha e o enriquecimento dos visitantes\/participantes. S\u00e3o desenvolvidas estrat\u00e9gias que promovem a participa\u00e7\u00e3o, o sentimento de perten\u00e7a, o conv\u00edvio, o respeito, a divers\u00e3o e contribuem para o desenvolvimento das compet\u00eancias necess\u00e1rias a uma cidadania ativa e saud\u00e1vel.<\/span><\/p>\n<p>&nbsp;<\/p>\n<p><strong class=\"ms-rteThemeForeColor-4-5\">P\u00fablico-alvo<\/strong><\/p>\n<p><span class=\"ms-rteThemeForeColor-4-5\">Especialmente direcionado para crian\u00e7as, ainda que o Espa\u00e7o Crian\u00e7a da Feira seja um espa\u00e7o intergeracional.<\/span><\/p>\n<p>&nbsp;<\/p>\n<p><strong class=\"ms-rteThemeForeColor-4-5\">Calendariza\u00e7\u00e3o<\/strong><\/p>\n<p><span class=\"ms-rteThemeForeColor-4-5\">Junho de cada ano.<\/span><\/p>\n<p>&nbsp;<\/p>\n<p><strong class=\"ms-rteThemeForeColor-4-5\">Local<\/strong><\/p>\n<p><span class=\"ms-rteThemeForeColor-4-5\">Parque Infantil Almeida Margiochi.<\/span><\/p>\n<p>&nbsp;<\/p>\n<p><strong class=\"ms-rteThemeForeColor-4-5\">Resumo\/Sinopse<\/strong><\/p>\n<p><span class=\"ms-rteThemeForeColor-4-5\">O Espa\u00e7o Crian\u00e7a da Feira de S. Jo\u00e3o &#8211; S. Jo\u00e3ozinho, \u00e9 pensado para proporcionar \u00e0s crian\u00e7as e \u00e0s suas fam\u00edlias um conjunto diversificado de atividades l\u00fadico-pedag\u00f3gicas. \u00c9 preparado com as institui\u00e7\u00f5es educativas locais que aceitam o convite para participar e outros parceiros locais que se revelem essenciais para o desenvolvimento das atividades. Em conjunto, concebem a proposta, criam materiais, decorativos e expositivos e desenvolvem atividades, entre as quais, espet\u00e1culos com a participa\u00e7\u00e3o de crian\u00e7as, docentes, n\u00e3o docentes e familiares.<\/span><\/p>\n<p><span class=\"ms-rteThemeForeColor-4-5\">Nos \u00faltimos anos, este espa\u00e7o obedece ao tema central da Feira de S. Jo\u00e3o.<\/span><\/p>\n<p>&nbsp;<\/p>\n<p><strong class=\"ms-rteThemeForeColor-4-5\">Observa\u00e7\u00f5es:<\/strong><\/p>\n<p><span class=\"ms-rteThemeForeColor-4-5\">A Feira de \u00c9vora tem mais de 500 anos. Com o nome Feira de S. Jo\u00e3o existe h\u00e1 450 anos, desde 24 de junho de 1569, mas foi em 1979 que a CME &#8220;(&#8230;) reservou pela primeira vez um recinto destinado aos filhos dos feirantes, onde tiveram oportunidade de brincar, pintar, modelar, etc. (&#8230;)&#8221;*. Este espa\u00e7o coincide com a abertura em \u00c9vora da segunda Ludoteca do pa\u00eds, a primeira p\u00fablica.<\/span><\/p>\n<p><span class=\"ms-rteThemeForeColor-4-5\">Desde ent\u00e3o, a oferta l\u00fadico-pedag\u00f3gica do S. Jo\u00e3ozinho &#8211; o Espa\u00e7o Crian\u00e7a da Feira de S. Jo\u00e3o &#8211; tem vindo a ser cada vez maior e mais diversificado.<\/span><\/p>\n<p><span class=\"ms-rteThemeForeColor-4-5\">O envolvimento das pessoas da comunidade educativa na constru\u00e7\u00e3o deste espa\u00e7o e na participa\u00e7\u00e3o ativa nas atividades oferecidas gratuitamente, pela CME, em parceria com outras institui\u00e7\u00f5es, acrescenta outra dimens\u00e3o a este evento importante na cidade de \u00c9vora. Esta Feira, foi desde sempre a Sul do Tejo, muito importante para o desenvolvimento das povoa\u00e7\u00f5es, dos habitantes. O que se procura fazer com este envolvimento da comunidade no Espa\u00e7o Crian\u00e7a \u00e9 incentivar o sentimento de perten\u00e7a, a participa\u00e7\u00e3o, aproximar institui\u00e7\u00f5es e pessoas, dar respostas de divers\u00e3o para todos, contribuindo para o desenvolvimento da cidadania, das compet\u00eancias sociais e da viv\u00eancia do espa\u00e7o p\u00fablico, como espa\u00e7o de conviv\u00eancia e aprendizagem e de socializa\u00e7\u00e3o.<\/span><\/p>\n<p><span class=\"ms-rteThemeForeColor-4-5\">Este \u00e9 um espa\u00e7o \u00fanico e muito especial da Feira de S. Jo\u00e3o que, apesar de ser pensado para as crian\u00e7as, \u00e9 usufru\u00eddo por todos, sendo, sobretudo, um espa\u00e7o de lazer, seguro, agrad\u00e1vel e com ofertas de divers\u00e3o significativas e totalmente gratuitas.<\/span><\/p>\n<p><span class=\"ms-rteThemeForeColor-4-5\">* Soares, S\u00edlvia (1983). &#8220;Uma Ludoteca em \u00c9vora&#8221;.<\/span><\/p>\n<p>&nbsp;<\/p>\n<p><strong class=\"ms-rteThemeForeColor-4-5\">Contactos<\/strong><\/p>\n<p><span class=\"ms-rteThemeForeColor-4-5\"><span style=\"text-decoration: underline\">Telefone<\/span>: +351 266 777 108<\/span><\/p>\n<p><span class=\"ms-rteThemeForeColor-4-5\"><span style=\"text-decoration: underline\"><span lang=\"EN-US\">Email<\/span><\/span>:\u00a0<a title=\"elsa@cm-evora.pt\" href=\"mailto:elsa@cm-evora.pt\" target=\"_blank\" rel=\"noopener noreferrer\"><span class=\"ms-rteForeColor-8\">elsa@cm-evora.pt<\/span><\/a>\u00a0<strong>|\u00a0<\/strong><a title=\"vicencia.cominho@cm-evora.pt\" href=\"mailto:vicencia.cominho@cm-evora.pt\" target=\"_blank\" rel=\"noopener noreferrer\"><span class=\"ms-rteForeColor-8\">vicencia.cominho@cm-evora.pt<\/span><\/a><\/span><\/p>","protected":false},"excerpt":{"rendered":"<p>Sorry, this entry is only available in Portugu\u00eas. Promotor C\u00e2mara Municipal de \u00c9vora &#8211; Divis\u00e3o de Educa\u00e7\u00e3o e Interven\u00e7\u00e3o Social. &nbsp; Respons\u00e1vel Elsa Oliveira | Vic\u00eancia Cominho &nbsp; Entidades Parceiras Institui\u00e7\u00f5es educativas, GARE, PSP, GNR e outras parcerias estrat\u00e9gicas, conforme o projeto a implementar anualmente. &nbsp; Objetivos Proporcionar \u00e0s crian\u00e7as e \u00e0s suas fam\u00edlias atividades [&hellip;]<\/p>\n","protected":false},"author":1,"featured_media":0,"parent":14293,"menu_order":11,"comment_status":"closed","ping_status":"closed","template":"templates-map\/component-text-layout1.php","meta":{"_acf_changed":false,"footnotes":""},"categories":[],"class_list":["post-14344","page","type-page","status-archive","hentry"],"acf":{"imagens":"","titulo_docs_seccao":"","documentos":""},"_links":{"self":[{"href":"https:\/\/www.cm-evora.pt\/en\/wp-json\/wp\/v2\/pages\/14344","targetHints":{"allow":["GET"]}}],"collection":[{"href":"https:\/\/www.cm-evora.pt\/en\/wp-json\/wp\/v2\/pages"}],"about":[{"href":"https:\/\/www.cm-evora.pt\/en\/wp-json\/wp\/v2\/types\/page"}],"author":[{"embeddable":true,"href":"https:\/\/www.cm-evora.pt\/en\/wp-json\/wp\/v2\/users\/1"}],"replies":[{"embeddable":true,"href":"https:\/\/www.cm-evora.pt\/en\/wp-json\/wp\/v2\/comments?post=14344"}],"version-history":[{"count":3,"href":"https:\/\/www.cm-evora.pt\/en\/wp-json\/wp\/v2\/pages\/14344\/revisions"}],"predecessor-version":[{"id":20163,"href":"https:\/\/www.cm-evora.pt\/en\/wp-json\/wp\/v2\/pages\/14344\/revisions\/20163"}],"up":[{"embeddable":true,"href":"https:\/\/www.cm-evora.pt\/en\/wp-json\/wp\/v2\/pages\/14293"}],"wp:attachment":[{"href":"https:\/\/www.cm-evora.pt\/en\/wp-json\/wp\/v2\/media?parent=14344"}],"wp:term":[{"taxonomy":"category","embeddable":true,"href":"https:\/\/www.cm-evora.pt\/en\/wp-json\/wp\/v2\/categories?post=14344"}],"curies":[{"name":"wp","href":"https:\/\/api.w.org\/{rel}","templated":true}]}}

Archived: S. Joãozinho &#8211; Espaço Criança da Feira de S. João

<p class="qtranxs-available-languages-message qtranxs-available-languages-message-en">Sorry, this entry is only available in <a href="https://www.cm-evora.pt/pt/wp-json/wp/v2/pages/14344" class="qtranxs-available-language-link qtranxs-available-language-link-pt" title="Português">Português</a>.</p><p></p>
<p style="text-align: center"><a href="https://www.cm-evora.pt/wp-content/uploads/2021/01/SJoazinho639.jpg"><img loading="lazy" decoding="async" class="alignnone size-full wp-image-18455" src="https://www.cm-evora.pt/wp-content/uploads/2021/01/SJoazinho639.jpg" alt="" width="639" height="362" srcset="https://www.cm-evora.pt/wp-content/uploads/2021/01/SJoazinho639.jpg 639w, https://www.cm-evora.pt/wp-content/uploads/2021/01/SJoazinho639-300x170.jpg 300w" sizes="auto, (max-width: 639px) 100vw, 639px" /></a></p>
<p><strong class="ms-rteThemeForeColor-4-5">Promotor</strong></p>
<p><span class="ms-rteThemeForeColor-4-5">Câmara Municipal de Évora &#8211; Divisão de Educação e Intervenção Social.</span></p>
<p>&nbsp;</p>
<p><strong class="ms-rteThemeForeColor-4-5">Responsável</strong></p>
<p><span class="ms-rteThemeForeColor-4-5">Elsa Oliveira | Vicência Cominho</span></p>
<p>&nbsp;</p>
<p><strong class="ms-rteThemeForeColor-4-5">Entidades Parceiras</strong></p>
<p><span class="ms-rteThemeForeColor-4-5">Instituições educativas, GARE, PSP, GNR e outras parcerias estratégicas, conforme o projeto a implementar anualmente.</span></p>
<p>&nbsp;</p>
<p><strong class="ms-rteThemeForeColor-4-5">Objetivos</strong></p>
<p><span class="ms-rteThemeForeColor-4-5">Proporcionar às crianças e às suas famílias atividades lúdico-pedagógicas, capazes de promover a aprendizagem, a partilha e o enriquecimento dos visitantes/participantes. São desenvolvidas estratégias que promovem a participação, o sentimento de pertença, o convívio, o respeito, a diversão e contribuem para o desenvolvimento das competências necessárias a uma cidadania ativa e saudável.</span></p>
<p>&nbsp;</p>
<p><strong class="ms-rteThemeForeColor-4-5">Público-alvo</strong></p>
<p><span class="ms-rteThemeForeColor-4-5">Especialmente direcionado para crianças, ainda que o Espaço Criança da Feira seja um espaço intergeracional.</span></p>
<p>&nbsp;</p>
<p><strong class="ms-rteThemeForeColor-4-5">Calendarização</strong></p>
<p><span class="ms-rteThemeForeColor-4-5">Junho de cada ano.</span></p>
<p>&nbsp;</p>
<p><strong class="ms-rteThemeForeColor-4-5">Local</strong></p>
<p><span class="ms-rteThemeForeColor-4-5">Parque Infantil Almeida Margiochi.</span></p>
<p>&nbsp;</p>
<p><strong class="ms-rteThemeForeColor-4-5">Resumo/Sinopse</strong></p>
<p><span class="ms-rteThemeForeColor-4-5">O Espaço Criança da Feira de S. João &#8211; S. Joãozinho, é pensado para proporcionar às crianças e às suas famílias um conjunto diversificado de atividades lúdico-pedagógicas. É preparado com as instituições educativas locais que aceitam o convite para participar e outros parceiros locais que se revelem essenciais para o desenvolvimento das atividades. Em conjunto, concebem a proposta, criam materiais, decorativos e expositivos e desenvolvem atividades, entre as quais, espetáculos com a participação de crianças, docentes, não docentes e familiares.</span></p>
<p><span class="ms-rteThemeForeColor-4-5">Nos últimos anos, este espaço obedece ao tema central da Feira de S. João.</span></p>
<p>&nbsp;</p>
<p><strong class="ms-rteThemeForeColor-4-5">Observações:</strong></p>
<p><span class="ms-rteThemeForeColor-4-5">A Feira de Évora tem mais de 500 anos. Com o nome Feira de S. João existe há 450 anos, desde 24 de junho de 1569, mas foi em 1979 que a CME &#8220;(&#8230;) reservou pela primeira vez um recinto destinado aos filhos dos feirantes, onde tiveram oportunidade de brincar, pintar, modelar, etc. (&#8230;)&#8221;*. Este espaço coincide com a abertura em Évora da segunda Ludoteca do país, a primeira pública.</span></p>
<p><span class="ms-rteThemeForeColor-4-5">Desde então, a oferta lúdico-pedagógica do S. Joãozinho &#8211; o Espaço Criança da Feira de S. João &#8211; tem vindo a ser cada vez maior e mais diversificado.</span></p>
<p><span class="ms-rteThemeForeColor-4-5">O envolvimento das pessoas da comunidade educativa na construção deste espaço e na participação ativa nas atividades oferecidas gratuitamente, pela CME, em parceria com outras instituições, acrescenta outra dimensão a este evento importante na cidade de Évora. Esta Feira, foi desde sempre a Sul do Tejo, muito importante para o desenvolvimento das povoações, dos habitantes. O que se procura fazer com este envolvimento da comunidade no Espaço Criança é incentivar o sentimento de pertença, a participação, aproximar instituições e pessoas, dar respostas de diversão para todos, contribuindo para o desenvolvimento da cidadania, das competências sociais e da vivência do espaço público, como espaço de convivência e aprendizagem e de socialização.</span></p>
<p><span class="ms-rteThemeForeColor-4-5">Este é um espaço único e muito especial da Feira de S. João que, apesar de ser pensado para as crianças, é usufruído por todos, sendo, sobretudo, um espaço de lazer, seguro, agradável e com ofertas de diversão significativas e totalmente gratuitas.</span></p>
<p><span class="ms-rteThemeForeColor-4-5">* Soares, Sílvia (1983). &#8220;Uma Ludoteca em Évora&#8221;.</span></p>
<p>&nbsp;</p>
<p><strong class="ms-rteThemeForeColor-4-5">Contactos</strong></p>
<p><span class="ms-rteThemeForeColor-4-5"><span style="text-decoration: underline">Telefone</span>: +351 266 777 108</span></p>
<p><span class="ms-rteThemeForeColor-4-5"><span style="text-decoration: underline"><span lang="EN-US">Email</span></span>: <a title="elsa@cm-evora.pt" href="mailto:elsa@cm-evora.pt" target="_blank" rel="noopener noreferrer"><span class="ms-rteForeColor-8">elsa@cm-evora.pt</span></a> <strong>| </strong><a title="vicencia.cominho@cm-evora.pt" href="mailto:vicencia.cominho@cm-evora.pt" target="_blank" rel="noopener noreferrer"><span class="ms-rteForeColor-8">vicencia.cominho@cm-evora.pt</span></a></span></p>

<p>Sorry, this entry is only available in Português. Promotor Câmara Municipal de Évora &#8211; Divisão de Educação e Intervenção Social. &nbsp; Responsável Elsa Oliveira | Vicência Cominho &nbsp; Entidades Parceiras Instituições educativas, GARE, PSP, GNR e outras parcerias estratégicas, conforme o projeto a implementar anualmente. &nbsp; Objetivos Proporcionar às crianças e às suas famílias atividades [&hellip;]</p>
