{"id":15843,"date":"2020-11-02T14:54:09","date_gmt":"2020-11-02T14:54:09","guid":{"rendered":"https:\/\/evora2.int.skilltech.pt\/susProjects\/wp_evora2_suite\/?page_id=15843"},"modified":"2020-11-02T15:30:25","modified_gmt":"2020-11-02T15:30:25","slug":"teste-6","status":"publish","type":"page","link":"https:\/\/www.cm-evora.pt\/en\/teste-6\/","title":{"rendered":"(Portugu\u00eas) Teste"},"content":{"rendered":"<p class=\"qtranxs-available-languages-message qtranxs-available-languages-message-en\">Sorry, this entry is only available in <a href=\"https:\/\/www.cm-evora.pt\/pt\/wp-json\/wp\/v2\/pages\/15843\" class=\"qtranxs-available-language-link qtranxs-available-language-link-pt\" title=\"Portugu\u00eas\">Portugu\u00eas<\/a>.<\/p><p><\/p>\n<div class=\"\" dir=\"auto\" style=\"font-family: 'segoe ui historic', 'segoe ui', helvetica, arial, sans-serif; color: #050505; font-size: 15px; font-style: normal; white-space: pre-wrap; background-color: #ffffff;\">Para mais informa\u00e7\u00f5es consulte: <span style=\"font-family: inherit;\"><a class=\"oajrlxb2 g5ia77u1 qu0x051f esr5mh6w e9989ue4 r7d6kgcz rq0escxv nhd2j8a9 nc684nl6 p7hjln8o kvgmc6g5 cxmmr5t8 oygrvhab hcukyx3x jb3vyjys rz4wbd8a qt6c0cv9 a8nywdso i1ao9s8h esuyzwwr f1sip0of lzcic4wl py34i1dx gpro0wi8\" style=\"cursor: pointer; outline: none; list-style: none; padding: 0px; margin: 0px; background-color: transparent; text-align: inherit; display: inline; box-sizing: border-box; font-family: inherit; border: 0px initial initial;\" role=\"link\" href=\"https:\/\/l.facebook.com\/l.php?u=https:\/\/www.aytobadajoz.es\/es\/ayto\/especiales\/especial\/43878\/certamen-de-jvenes-creaciones-jaba-2020\/?fbclid%3DIwAR2uggwdeOiQoJ-yNubrNzZZYmbDyh3fiVmX4iuP-I-wU2B-h7DnFrErGX8&amp;h=AT0fOryIe24EB8zr4JUJXkRH6LBpP3nDNdtf5NjvfdNM_90AqQbPVokPHifoLixZXNj0_mWFfrB_hg5N4wTjgLAvFloHKsl6ZEIEGv5H4HvtpvIbp5RrgMOGr9iYhGKmklEM&amp;__tn__=-UK-R&amp;c%5b0%5d=AT3gbN1ZmJcYZIsnk2apxC_CEf5ozj4W1mwhj9Iv6lBK8hLfpV-lYtqtxa2law9YeCKbY5Sfd-hZPk2q5d708TtfGEEjl5NtaUG5XSqBpyrLp_d7A_tYCqy8gc1Act7WAjLQU9r4w6gD5-vX8KIGTu1Fh-jsSkAnObYxwhLzzBkFyvAnHspU53l1DxgQ\" target=\"_blank\" rel=\"nofollow noopener noreferrer\">https:\/\/www.aytobadajoz.es\/es\/ayto\/especiales\/especial\/43878\/certamen-de-jvenes-creaciones-jaba-2020\/<\/a><\/span><\/div>\n<div class=\"\" style=\"text-align: justify;\">\n<ul>\n<li><a title=\"Convite 25 de Fevereiro, Agrupamento de Escolas Gabriel Pereira, no Anfiteatro da ES Gabriel Pereira\" href=\"\/pt\/Evora-Noticias\/arquivo\/Documents\/Doc_GC%20Convite_Pais_EE%20AgGP%2025-2-2019.pdf\" target=\"_blank\" rel=\"noopener noreferrer\">25 de Fevereiro, Agrupamento de Escolas Gabriel Pereira, no Anfiteatro da ES Gabriel Pereira<\/a>,<\/li>\n<\/ul>\n<ul>\n<li><a title=\"Convite 26 Fevereiro, Agrupamento de Escolas Severim de Faria, no Polivalente da EB Horta das Figueiras\" href=\"\/pt\/Evora-Noticias\/arquivo\/Documents\/Doc_GC%20Convite_Pais_EE%20AgSF%2026-2-2019.pdf\" target=\"_blank\" rel=\"noopener noreferrer\">26 Fevereiro, Agrupamento de Escolas Severim de Faria, no Polivalente da EB Horta das Figueiras<\/a>,<\/li>\n<li><a title=\"Convite 1 de Mar\u00e7o, Agrupamento de Escolas Andr\u00e9 de Gouveia, no Refeit\u00f3rio da EB23 Conde Vilalva\" href=\"\/pt\/Evora-Noticias\/arquivo\/Documents\/Doc_GC%20Convite_Pais_EE%20AgAG%201-3-2019.pdf\" target=\"_blank\" rel=\"noopener noreferrer\">1 de Mar\u00e7o, Agrupamento de Escolas Andr\u00e9 de Gouveia, no Refeit\u00f3rio da EB23 Conde Vilalva<\/a>.<\/li>\n<\/ul>\n<\/div>\n<p>    <iframe src=\"https:\/\/www.tutorialrepublic.com\/html-tutorial\/html-iframes.php\" name=\"myFrame\"><\/iframe><br \/>\n<\/p>","protected":false},"excerpt":{"rendered":"<p>Sorry, this entry is only available in Portugu\u00eas. Para mais informa\u00e7\u00f5es consulte: https:\/\/www.aytobadajoz.es\/es\/ayto\/especiales\/especial\/43878\/certamen-de-jvenes-creaciones-jaba-2020\/ 25 de Fevereiro, Agrupamento de Escolas Gabriel Pereira, no Anfiteatro da ES Gabriel Pereira, 26 Fevereiro, Agrupamento de Escolas Severim de Faria, no Polivalente da EB Horta das Figueiras, 1 de Mar\u00e7o, Agrupamento de Escolas Andr\u00e9 de Gouveia, no Refeit\u00f3rio da EB23 [&hellip;]<\/p>\n","protected":false},"author":1,"featured_media":0,"parent":0,"menu_order":0,"comment_status":"closed","ping_status":"closed","template":"templates-map\/component-text-layout1.php","meta":{"_acf_changed":false,"footnotes":""},"categories":[],"class_list":["post-15843","page","type-page","status-publish","hentry"],"acf":{"imagens":"","titulo_docs_seccao":"","documentos":""},"_links":{"self":[{"href":"https:\/\/www.cm-evora.pt\/en\/wp-json\/wp\/v2\/pages\/15843","targetHints":{"allow":["GET"]}}],"collection":[{"href":"https:\/\/www.cm-evora.pt\/en\/wp-json\/wp\/v2\/pages"}],"about":[{"href":"https:\/\/www.cm-evora.pt\/en\/wp-json\/wp\/v2\/types\/page"}],"author":[{"embeddable":true,"href":"https:\/\/www.cm-evora.pt\/en\/wp-json\/wp\/v2\/users\/1"}],"replies":[{"embeddable":true,"href":"https:\/\/www.cm-evora.pt\/en\/wp-json\/wp\/v2\/comments?post=15843"}],"version-history":[{"count":5,"href":"https:\/\/www.cm-evora.pt\/en\/wp-json\/wp\/v2\/pages\/15843\/revisions"}],"predecessor-version":[{"id":15848,"href":"https:\/\/www.cm-evora.pt\/en\/wp-json\/wp\/v2\/pages\/15843\/revisions\/15848"}],"wp:attachment":[{"href":"https:\/\/www.cm-evora.pt\/en\/wp-json\/wp\/v2\/media?parent=15843"}],"wp:term":[{"taxonomy":"category","embeddable":true,"href":"https:\/\/www.cm-evora.pt\/en\/wp-json\/wp\/v2\/categories?post=15843"}],"curies":[{"name":"wp","href":"https:\/\/api.w.org\/{rel}","templated":true}]}}

(Português) Teste

<p class="qtranxs-available-languages-message qtranxs-available-languages-message-en">Sorry, this entry is only available in <a href="https://www.cm-evora.pt/pt/wp-json/wp/v2/pages/15843" class="qtranxs-available-language-link qtranxs-available-language-link-pt" title="Português">Português</a>.</p><p></p>
<div class="" dir="auto" style="font-family: 'segoe ui historic', 'segoe ui', helvetica, arial, sans-serif; color: #050505; font-size: 15px; font-style: normal; white-space: pre-wrap; background-color: #ffffff;">Para mais informações consulte: <span style="font-family: inherit;"><a class="oajrlxb2 g5ia77u1 qu0x051f esr5mh6w e9989ue4 r7d6kgcz rq0escxv nhd2j8a9 nc684nl6 p7hjln8o kvgmc6g5 cxmmr5t8 oygrvhab hcukyx3x jb3vyjys rz4wbd8a qt6c0cv9 a8nywdso i1ao9s8h esuyzwwr f1sip0of lzcic4wl py34i1dx gpro0wi8" style="cursor: pointer; outline: none; list-style: none; padding: 0px; margin: 0px; background-color: transparent; text-align: inherit; display: inline; box-sizing: border-box; font-family: inherit; border: 0px initial initial;" role="link" href="https://l.facebook.com/l.php?u=https://www.aytobadajoz.es/es/ayto/especiales/especial/43878/certamen-de-jvenes-creaciones-jaba-2020/?fbclid%3DIwAR2uggwdeOiQoJ-yNubrNzZZYmbDyh3fiVmX4iuP-I-wU2B-h7DnFrErGX8&amp;h=AT0fOryIe24EB8zr4JUJXkRH6LBpP3nDNdtf5NjvfdNM_90AqQbPVokPHifoLixZXNj0_mWFfrB_hg5N4wTjgLAvFloHKsl6ZEIEGv5H4HvtpvIbp5RrgMOGr9iYhGKmklEM&amp;__tn__=-UK-R&amp;c%5b0%5d=AT3gbN1ZmJcYZIsnk2apxC_CEf5ozj4W1mwhj9Iv6lBK8hLfpV-lYtqtxa2law9YeCKbY5Sfd-hZPk2q5d708TtfGEEjl5NtaUG5XSqBpyrLp_d7A_tYCqy8gc1Act7WAjLQU9r4w6gD5-vX8KIGTu1Fh-jsSkAnObYxwhLzzBkFyvAnHspU53l1DxgQ" target="_blank" rel="nofollow noopener noreferrer">https://www.aytobadajoz.es/es/ayto/especiales/especial/43878/certamen-de-jvenes-creaciones-jaba-2020/</a></span></div>
<div class="" style="text-align: justify;">
<ul>
<li><a title="Convite 25 de Fevereiro, Agrupamento de Escolas Gabriel Pereira, no Anfiteatro da ES Gabriel Pereira" href="/pt/Evora-Noticias/arquivo/Documents/Doc_GC%20Convite_Pais_EE%20AgGP%2025-2-2019.pdf" target="_blank" rel="noopener noreferrer">25 de Fevereiro, Agrupamento de Escolas Gabriel Pereira, no Anfiteatro da ES Gabriel Pereira</a>,</li>
</ul>
<ul>
<li><a title="Convite 26 Fevereiro, Agrupamento de Escolas Severim de Faria, no Polivalente da EB Horta das Figueiras" href="/pt/Evora-Noticias/arquivo/Documents/Doc_GC%20Convite_Pais_EE%20AgSF%2026-2-2019.pdf" target="_blank" rel="noopener noreferrer">26 Fevereiro, Agrupamento de Escolas Severim de Faria, no Polivalente da EB Horta das Figueiras</a>,</li>
<li><a title="Convite 1 de Março, Agrupamento de Escolas André de Gouveia, no Refeitório da EB23 Conde Vilalva" href="/pt/Evora-Noticias/arquivo/Documents/Doc_GC%20Convite_Pais_EE%20AgAG%201-3-2019.pdf" target="_blank" rel="noopener noreferrer">1 de Março, Agrupamento de Escolas André de Gouveia, no Refeitório da EB23 Conde Vilalva</a>.</li>
</ul>
</div>
<p>    <iframe src="https://www.tutorialrepublic.com/html-tutorial/html-iframes.php" name="myFrame"></iframe><br />
</p>

<p>Sorry, this entry is only available in Português. Para mais informações consulte: https://www.aytobadajoz.es/es/ayto/especiales/especial/43878/certamen-de-jvenes-creaciones-jaba-2020/ 25 de Fevereiro, Agrupamento de Escolas Gabriel Pereira, no Anfiteatro da ES Gabriel Pereira, 26 Fevereiro, Agrupamento de Escolas Severim de Faria, no Polivalente da EB Horta das Figueiras, 1 de Março, Agrupamento de Escolas André de Gouveia, no Refeitório da EB23 [&hellip;]</p>
