{"id":17973,"date":"2021-01-05T22:56:47","date_gmt":"2021-01-05T22:56:47","guid":{"rendered":"https:\/\/www.cm-evora.pt\/?page_id=17973"},"modified":"2025-11-12T10:58:41","modified_gmt":"2025-11-12T10:58:41","slug":"projeto-de-promocao-do-patrimonio-local-3p","status":"publish","type":"page","link":"https:\/\/www.cm-evora.pt\/en\/municipe\/projetos-municipais\/pel-projeto-educativo-local\/projetos-educativos\/projeto-de-promocao-do-patrimonio-local-3p\/","title":{"rendered":"Projeto de Promo\u00e7\u00e3o do Patrim\u00f3nio Local (3P)"},"content":{"rendered":"<p><\/p>\n<p style=\"text-align: center\"><a href=\"https:\/\/www.cm-evora.pt\/wp-content\/uploads\/2024\/09\/3PLocal-002.jpg\"><img loading=\"lazy\" decoding=\"async\" class=\"alignnone size-full wp-image-66102\" src=\"https:\/\/www.cm-evora.pt\/wp-content\/uploads\/2024\/09\/3PLocal-002.jpg\" alt=\"\" width=\"1890\" height=\"1417\" srcset=\"https:\/\/www.cm-evora.pt\/wp-content\/uploads\/2024\/09\/3PLocal-002.jpg 1890w, https:\/\/www.cm-evora.pt\/wp-content\/uploads\/2024\/09\/3PLocal-002-300x225.jpg 300w, https:\/\/www.cm-evora.pt\/wp-content\/uploads\/2024\/09\/3PLocal-002-1024x768.jpg 1024w, https:\/\/www.cm-evora.pt\/wp-content\/uploads\/2024\/09\/3PLocal-002-768x576.jpg 768w, https:\/\/www.cm-evora.pt\/wp-content\/uploads\/2024\/09\/3PLocal-002-1536x1152.jpg 1536w, https:\/\/www.cm-evora.pt\/wp-content\/uploads\/2024\/09\/3PLocal-002-1320x990.jpg 1320w\" sizes=\"auto, (max-width: 1890px) 100vw, 1890px\" \/><\/a><\/p>\n<p>&nbsp;<\/p>\n<h4><strong>Promotor<\/strong><\/h4>\n<p>C\u00e2mara Municipal de \u00c9vora \u2013 Divis\u00e3o de Educa\u00e7\u00e3o e Interven\u00e7\u00e3o Social<\/p>\n<p>&nbsp;<\/p>\n<h4><strong>Respons\u00e1veis<\/strong><\/h4>\n<p>Francisco Bilou<\/p>\n<p>&nbsp;<\/p>\n<h4><strong>Entidades Parceiras<\/strong><\/h4>\n<p>C\u00e2mara Municipal de \u00c9vora \u2013 Divis\u00e3o de Cultura e Patrim\u00f3nio<\/p>\n<p>&nbsp;<\/p>\n<h4><strong>Objetivos<\/strong><\/h4>\n<p>Promo\u00e7\u00e3o do Patrim\u00f3nio Cultural, urbano e concelhio, de \u00c9vora.<\/p>\n<p>&nbsp;<\/p>\n<h4><strong>P\u00fablico-alvo<\/strong><\/h4>\n<p>4\u00ba anos do Ensino B\u00e1sico<\/p>\n<p>&nbsp;<\/p>\n<h4><strong>Calendariza\u00e7\u00e3o<\/strong><\/h4>\n<p>Todo o ano letivo de 2025-26<\/p>\n<p>&nbsp;<\/p>\n<h4><strong>Lota\u00e7\u00e3o<\/strong><\/h4>\n<p>At\u00e9 6 turmas<\/p>\n<p>&nbsp;<\/p>\n<h4><strong>Local<\/strong><\/h4>\n<p>&nbsp;<\/p>\n<p>&nbsp;<\/p>\n<h4><strong>Resumo\/Sinopse<\/strong><\/h4>\n<p>Projeto educativo de promo\u00e7\u00e3o do patrim\u00f3nio local, constru\u00eddo em torno da din\u00e2\u00admica experiencial e da descoberta, fortalecendo ao mesmo tempo v\u00ednculos afetivos entre a comunidade escolar.<\/p>\n<p>Na a\u00e7\u00e3o mais focada, o tema de estudo para o ano letivo 2025\/26 ser\u00e1 em torno da cultura tardo-romana, \u00e1rabe e medieval, tanto na sua materialidade hist\u00f3rica e arqueol\u00f3gica local, como na sua leitura cultural, est\u00e9tica e de preserva\u00e7\u00e3o, em sintonia com a mat\u00e9ria de estudo curricular.<\/p>\n<p>&nbsp;<\/p>\n<h4><strong>Contactos<\/strong><\/h4>\n<p><u>Telefone<\/u>: <a href=\"tel:+351266777000\" target=\"_blank\" rel=\"noopener\">+351 266 777 000<\/a> \u00abChamada para a rede fixa nacional\u00bb<\/p>\n<p><u>Email<\/u>: <a href=\"mailto:francisco.bilou@cm-evora.pt\" target=\"_blank\" rel=\"noopener\">francisco.bilou@cm-evora.pt<\/a><\/p>\n<p>&nbsp;<\/p>\n<hr \/>\n<p>&nbsp;<\/p>\n<p style=\"text-align: center\"><a href=\"https:\/\/www.youtube.com\/watch?v=CH5767e4it4\" target=\"_blank\" rel=\"noopener\">https:\/\/www.youtube.com\/watch?v=CH5767e4it4<\/a><\/p>\n<p style=\"text-align: center\">\n<p><\/p>","protected":false},"excerpt":{"rendered":"<p>&nbsp; Promotor C\u00e2mara Municipal de \u00c9vora \u2013 Divis\u00e3o de Educa\u00e7\u00e3o e Interven\u00e7\u00e3o Social &nbsp; Respons\u00e1veis Francisco Bilou &nbsp; Entidades Parceiras C\u00e2mara Municipal de \u00c9vora \u2013 Divis\u00e3o de Cultura e Patrim\u00f3nio &nbsp; Objetivos Promo\u00e7\u00e3o do Patrim\u00f3nio Cultural, urbano e concelhio, de \u00c9vora. &nbsp; P\u00fablico-alvo 4\u00ba anos do Ensino B\u00e1sico &nbsp; Calendariza\u00e7\u00e3o Todo o ano letivo de [&hellip;]<\/p>\n","protected":false},"author":45,"featured_media":0,"parent":14190,"menu_order":17,"comment_status":"closed","ping_status":"closed","template":"templates-map\/component-text-layout1.php","meta":{"_acf_changed":false,"footnotes":""},"categories":[],"class_list":["post-17973","page","type-page","status-publish","hentry"],"acf":{"imagens":"","titulo_docs_seccao":"","documentos":""},"_links":{"self":[{"href":"https:\/\/www.cm-evora.pt\/en\/wp-json\/wp\/v2\/pages\/17973","targetHints":{"allow":["GET"]}}],"collection":[{"href":"https:\/\/www.cm-evora.pt\/en\/wp-json\/wp\/v2\/pages"}],"about":[{"href":"https:\/\/www.cm-evora.pt\/en\/wp-json\/wp\/v2\/types\/page"}],"author":[{"embeddable":true,"href":"https:\/\/www.cm-evora.pt\/en\/wp-json\/wp\/v2\/users\/45"}],"replies":[{"embeddable":true,"href":"https:\/\/www.cm-evora.pt\/en\/wp-json\/wp\/v2\/comments?post=17973"}],"version-history":[{"count":14,"href":"https:\/\/www.cm-evora.pt\/en\/wp-json\/wp\/v2\/pages\/17973\/revisions"}],"predecessor-version":[{"id":79212,"href":"https:\/\/www.cm-evora.pt\/en\/wp-json\/wp\/v2\/pages\/17973\/revisions\/79212"}],"up":[{"embeddable":true,"href":"https:\/\/www.cm-evora.pt\/en\/wp-json\/wp\/v2\/pages\/14190"}],"wp:attachment":[{"href":"https:\/\/www.cm-evora.pt\/en\/wp-json\/wp\/v2\/media?parent=17973"}],"wp:term":[{"taxonomy":"category","embeddable":true,"href":"https:\/\/www.cm-evora.pt\/en\/wp-json\/wp\/v2\/categories?post=17973"}],"curies":[{"name":"wp","href":"https:\/\/api.w.org\/{rel}","templated":true}]}}

Projeto de Promoção do Património Local (3P)

<p></p>
<p style="text-align: center"><a href="https://www.cm-evora.pt/wp-content/uploads/2024/09/3PLocal-002.jpg"><img loading="lazy" decoding="async" class="alignnone size-full wp-image-66102" src="https://www.cm-evora.pt/wp-content/uploads/2024/09/3PLocal-002.jpg" alt="" width="1890" height="1417" srcset="https://www.cm-evora.pt/wp-content/uploads/2024/09/3PLocal-002.jpg 1890w, https://www.cm-evora.pt/wp-content/uploads/2024/09/3PLocal-002-300x225.jpg 300w, https://www.cm-evora.pt/wp-content/uploads/2024/09/3PLocal-002-1024x768.jpg 1024w, https://www.cm-evora.pt/wp-content/uploads/2024/09/3PLocal-002-768x576.jpg 768w, https://www.cm-evora.pt/wp-content/uploads/2024/09/3PLocal-002-1536x1152.jpg 1536w, https://www.cm-evora.pt/wp-content/uploads/2024/09/3PLocal-002-1320x990.jpg 1320w" sizes="auto, (max-width: 1890px) 100vw, 1890px" /></a></p>
<p>&nbsp;</p>
<h4><strong>Promotor</strong></h4>
<p>Câmara Municipal de Évora – Divisão de Educação e Intervenção Social</p>
<p>&nbsp;</p>
<h4><strong>Responsáveis</strong></h4>
<p>Francisco Bilou</p>
<p>&nbsp;</p>
<h4><strong>Entidades Parceiras</strong></h4>
<p>Câmara Municipal de Évora – Divisão de Cultura e Património</p>
<p>&nbsp;</p>
<h4><strong>Objetivos</strong></h4>
<p>Promoção do Património Cultural, urbano e concelhio, de Évora.</p>
<p>&nbsp;</p>
<h4><strong>Público-alvo</strong></h4>
<p>4º anos do Ensino Básico</p>
<p>&nbsp;</p>
<h4><strong>Calendarização</strong></h4>
<p>Todo o ano letivo de 2025-26</p>
<p>&nbsp;</p>
<h4><strong>Lotação</strong></h4>
<p>Até 6 turmas</p>
<p>&nbsp;</p>
<h4><strong>Local</strong></h4>
<p>&nbsp;</p>
<p>&nbsp;</p>
<h4><strong>Resumo/Sinopse</strong></h4>
<p>Projeto educativo de promoção do património local, construído em torno da dinâ­mica experiencial e da descoberta, fortalecendo ao mesmo tempo vínculos afetivos entre a comunidade escolar.</p>
<p>Na ação mais focada, o tema de estudo para o ano letivo 2025/26 será em torno da cultura tardo-romana, árabe e medieval, tanto na sua materialidade histórica e arqueológica local, como na sua leitura cultural, estética e de preservação, em sintonia com a matéria de estudo curricular.</p>
<p>&nbsp;</p>
<h4><strong>Contactos</strong></h4>
<p><u>Telefone</u>: <a href="tel:+351266777000" target="_blank" rel="noopener">+351 266 777 000</a> «Chamada para a rede fixa nacional»</p>
<p><u>Email</u>: <a href="mailto:francisco.bilou@cm-evora.pt" target="_blank" rel="noopener">francisco.bilou@cm-evora.pt</a></p>
<p>&nbsp;</p>
<hr />
<p>&nbsp;</p>
<p style="text-align: center"><a href="https://www.youtube.com/watch?v=CH5767e4it4" target="_blank" rel="noopener">https://www.youtube.com/watch?v=CH5767e4it4</a></p>
<p style="text-align: center">
<p></p>

<p>&nbsp; Promotor Câmara Municipal de Évora – Divisão de Educação e Intervenção Social &nbsp; Responsáveis Francisco Bilou &nbsp; Entidades Parceiras Câmara Municipal de Évora – Divisão de Cultura e Património &nbsp; Objetivos Promoção do Património Cultural, urbano e concelhio, de Évora. &nbsp; Público-alvo 4º anos do Ensino Básico &nbsp; Calendarização Todo o ano letivo de [&hellip;]</p>
