{"id":2681,"date":"2020-02-04T09:07:55","date_gmt":"2020-02-04T09:07:55","guid":{"rendered":"https:\/\/evora2.int.skilltech.pt\/susProjects\/wp_evora2_suite\/?page_id=2681"},"modified":"2026-01-08T10:38:01","modified_gmt":"2026-01-08T10:38:01","slug":"centros-de-acolhimento-turistico-e-interpretativos-de-evora-e-alentejo-central","status":"publish","type":"page","link":"https:\/\/www.cm-evora.pt\/en\/visitante\/patrimonio\/centros-de-acolhimento-turistico-e-interpretativos-de-evora-e-alentejo-central\/","title":{"rendered":"Centros de Acolhimento Tur\u00edstico e Interpretativos de \u00c9vora e Alentejo Central"},"content":{"rendered":"<p><\/p>\n<p style=\"text-align: center\"><a href=\"https:\/\/www.cm-evora.pt\/wp-content\/uploads\/2025\/03\/462755928_2712784065566862_25315942469075412_n.jpg\"><img loading=\"lazy\" decoding=\"async\" class=\"alignnone size-full wp-image-72223\" src=\"https:\/\/www.cm-evora.pt\/wp-content\/uploads\/2025\/03\/462755928_2712784065566862_25315942469075412_n.jpg\" alt=\"\" width=\"1418\" height=\"689\" srcset=\"https:\/\/www.cm-evora.pt\/wp-content\/uploads\/2025\/03\/462755928_2712784065566862_25315942469075412_n.jpg 1418w, https:\/\/www.cm-evora.pt\/wp-content\/uploads\/2025\/03\/462755928_2712784065566862_25315942469075412_n-300x146.jpg 300w, https:\/\/www.cm-evora.pt\/wp-content\/uploads\/2025\/03\/462755928_2712784065566862_25315942469075412_n-1024x498.jpg 1024w, https:\/\/www.cm-evora.pt\/wp-content\/uploads\/2025\/03\/462755928_2712784065566862_25315942469075412_n-768x373.jpg 768w, https:\/\/www.cm-evora.pt\/wp-content\/uploads\/2025\/03\/462755928_2712784065566862_25315942469075412_n-1320x641.jpg 1320w\" sizes=\"auto, (max-width: 1418px) 100vw, 1418px\" \/><\/a><\/p>\n<p>&nbsp;<\/p>\n<p>Os munic\u00edpios do Alentejo Central preparam projeto global e integrado que coloca a cidade de \u00c9vora como interface do fluxo tur\u00edstico regional.<\/p>\n<p>Numa conjuntura em que o turismo \u00e9 cada vez mais um fator determinante na vida social, cultural e econ\u00f3mica do Alentejo, importa acompanhar com especial acuidade a respetiva evolu\u00e7\u00e3o, as carater\u00edsticas que evidencia e sobretudo o tipo de resposta que exige das comunidades e institui\u00e7\u00f5es locais.<\/p>\n<p>Neste quadro, os munic\u00edpios do Alentejo Central, organizados em torno da sua estrutura representativa, a CIMAC, t\u00eam em prepara\u00e7\u00e3o um projeto que designaram por \u00abCentros de Acolhimento Tur\u00edstico e Interpretativos de \u00c9vora e Alentejo Central\u00bb, cuja candidatura \u00e9 apresentada a financiamento p\u00fablico ao longo das suas diversas fases.<\/p>\n<p>O projeto foi apresentado e explicado publicamente no dia 24 de janeiro de 2017, no Pal\u00e1cio de D. Manuel em \u00c9vora. Para al\u00e9m dos respons\u00e1veis pela respetiva conce\u00e7\u00e3o t\u00e9cnica, estiveram presentes o Presidente da Entidade Regional de Turismo do Alentejo, Ant\u00f3nio Ceia da Silva, e os Presidentes das C\u00e2maras Municipais em cujo territ\u00f3rio ser\u00e3o constru\u00eddos os equipamentos que constituir\u00e3o a primeira fase: \u00c9vora, Reguengos de Monsaraz e Montemor-o-Novo.<\/p>\n<p>Segundo Hort\u00eancia Menino, Presidente da C\u00e2mara Municipal de Montemor-o-Novo e simultaneamente Presidente do Conselho Intermunicipal da CIMAC, o objetivo principal do projeto \u00e9 o de criar estruturas que possam responder ao n\u00edvel de exig\u00eancia dos fluxos tur\u00edsticos, nomeadamente no que se refere ao apoio geral, log\u00edstica e informa\u00e7\u00e3o qualificada sobre o que de melhor existe para mostrar. De acordo com o projeto apresentado, a cidade de \u00c9vora, como polo principal de atra\u00e7\u00e3o de visitantes, ser\u00e1 dotada de equipamento estrutural adequado a uma fun\u00e7\u00e3o informativa e interpretativa de potenciais destinos tur\u00edsticos, direcionando os visitantes num \u00e2mbito geogr\u00e1fico regional. Desta forma, para al\u00e9m da pr\u00f3pria cidade Patrim\u00f3nio Mundial, ser\u00e1 poss\u00edvel dar a conhecer os variados pontos de interesse hist\u00f3rico-cultural, natural e paisag\u00edstico que existem nos munic\u00edpios da regi\u00e3o, contribuindo para o respetivo desenvolvimento.<\/p>\n<p>A C\u00e2mara Municipal de \u00c9vora esteve representada pelo Presidente do Executivo, Carlos Pinto de S\u00e1 e pela Vice-Presidente \u00c9lia Mira. O autarca eborense referiu a import\u00e2ncia deste projeto para o desenvolvimento econ\u00f3mico a n\u00edvel regional, salientando que se trata de um trabalho que tem vindo a ser poss\u00edvel gra\u00e7as \u00e0 capacidade de coopera\u00e7\u00e3o institucional de todas as entidades envolvidas, nomeadamente os munic\u00edpios da regi\u00e3o do Alentejo Central, a Entidade Regional de Turismo do Alentejo e o tecido empresarial. Para al\u00e9m das institui\u00e7\u00f5es, tem havido a preocupa\u00e7\u00e3o de envolver a popula\u00e7\u00e3o em geral, a quem se pedem contributos no sentido de valorizar o projeto.<\/p>\n<p>Concretizando no que se refere \u00e0s a\u00e7\u00f5es previstas, Carlos Pinto de S\u00e1 adiantou que o Centro de Acolhimento ir\u00e1 situar-se em torno da Pra\u00e7a 1\u00ba De Maio, estando j\u00e1 previstas obras de adapta\u00e7\u00e3o no Pal\u00e1cio de D. Manuel. Para al\u00e9m deste, ser\u00e3o envolvidos o Mercado 1\u00ba de Maio e o Centro de Artes Tradicionais.<\/p>\n<p>Ap\u00f3s os tr\u00eas primeiros: \u00c9vora, Montemor-o-Novo e Reguengos de Monsaraz, todos os outros munic\u00edpios do Alentejo Central ir\u00e3o sendo envolvidos neste projeto, de forma a constituir-se um modelo de funcionamento integrado a n\u00edvel regional.<\/p>\n<p>Por fim foi refor\u00e7ado o apelo por parte da CIMAC no sentido de envolver a popula\u00e7\u00e3o em geral para participar neste projeto. Para o efeito foi elaborada uma p\u00e1gina na internet onde todos poder\u00e3o inteirar-se das suas carater\u00edsticas e acompanhar a respetiva evolu\u00e7\u00e3o, dando tamb\u00e9m o seu contributo.<\/p>","protected":false},"excerpt":{"rendered":"<p>&nbsp; Os munic\u00edpios do Alentejo Central preparam projeto global e integrado que coloca a cidade de \u00c9vora como interface do fluxo tur\u00edstico regional. Numa conjuntura em que o turismo \u00e9 cada vez mais um fator determinante na vida social, cultural e econ\u00f3mica do Alentejo, importa acompanhar com especial acuidade a respetiva evolu\u00e7\u00e3o, as carater\u00edsticas que [&hellip;]<\/p>\n","protected":false},"author":1,"featured_media":0,"parent":1335,"menu_order":2,"comment_status":"closed","ping_status":"closed","template":"templates-map\/component-text-layout1.php","meta":{"_acf_changed":false,"footnotes":""},"categories":[],"class_list":["post-2681","page","type-page","status-publish","hentry"],"acf":{"imagens":"","titulo_docs_seccao":"","documentos":""},"_links":{"self":[{"href":"https:\/\/www.cm-evora.pt\/en\/wp-json\/wp\/v2\/pages\/2681","targetHints":{"allow":["GET"]}}],"collection":[{"href":"https:\/\/www.cm-evora.pt\/en\/wp-json\/wp\/v2\/pages"}],"about":[{"href":"https:\/\/www.cm-evora.pt\/en\/wp-json\/wp\/v2\/types\/page"}],"author":[{"embeddable":true,"href":"https:\/\/www.cm-evora.pt\/en\/wp-json\/wp\/v2\/users\/1"}],"replies":[{"embeddable":true,"href":"https:\/\/www.cm-evora.pt\/en\/wp-json\/wp\/v2\/comments?post=2681"}],"version-history":[{"count":12,"href":"https:\/\/www.cm-evora.pt\/en\/wp-json\/wp\/v2\/pages\/2681\/revisions"}],"predecessor-version":[{"id":80777,"href":"https:\/\/www.cm-evora.pt\/en\/wp-json\/wp\/v2\/pages\/2681\/revisions\/80777"}],"up":[{"embeddable":true,"href":"https:\/\/www.cm-evora.pt\/en\/wp-json\/wp\/v2\/pages\/1335"}],"wp:attachment":[{"href":"https:\/\/www.cm-evora.pt\/en\/wp-json\/wp\/v2\/media?parent=2681"}],"wp:term":[{"taxonomy":"category","embeddable":true,"href":"https:\/\/www.cm-evora.pt\/en\/wp-json\/wp\/v2\/categories?post=2681"}],"curies":[{"name":"wp","href":"https:\/\/api.w.org\/{rel}","templated":true}]}}

Centros de Acolhimento Turístico e Interpretativos de Évora e Alentejo Central

<p></p>
<p style="text-align: center"><a href="https://www.cm-evora.pt/wp-content/uploads/2025/03/462755928_2712784065566862_25315942469075412_n.jpg"><img loading="lazy" decoding="async" class="alignnone size-full wp-image-72223" src="https://www.cm-evora.pt/wp-content/uploads/2025/03/462755928_2712784065566862_25315942469075412_n.jpg" alt="" width="1418" height="689" srcset="https://www.cm-evora.pt/wp-content/uploads/2025/03/462755928_2712784065566862_25315942469075412_n.jpg 1418w, https://www.cm-evora.pt/wp-content/uploads/2025/03/462755928_2712784065566862_25315942469075412_n-300x146.jpg 300w, https://www.cm-evora.pt/wp-content/uploads/2025/03/462755928_2712784065566862_25315942469075412_n-1024x498.jpg 1024w, https://www.cm-evora.pt/wp-content/uploads/2025/03/462755928_2712784065566862_25315942469075412_n-768x373.jpg 768w, https://www.cm-evora.pt/wp-content/uploads/2025/03/462755928_2712784065566862_25315942469075412_n-1320x641.jpg 1320w" sizes="auto, (max-width: 1418px) 100vw, 1418px" /></a></p>
<p>&nbsp;</p>
<p>Os municípios do Alentejo Central preparam projeto global e integrado que coloca a cidade de Évora como interface do fluxo turístico regional.</p>
<p>Numa conjuntura em que o turismo é cada vez mais um fator determinante na vida social, cultural e económica do Alentejo, importa acompanhar com especial acuidade a respetiva evolução, as caraterísticas que evidencia e sobretudo o tipo de resposta que exige das comunidades e instituições locais.</p>
<p>Neste quadro, os municípios do Alentejo Central, organizados em torno da sua estrutura representativa, a CIMAC, têm em preparação um projeto que designaram por «Centros de Acolhimento Turístico e Interpretativos de Évora e Alentejo Central», cuja candidatura é apresentada a financiamento público ao longo das suas diversas fases.</p>
<p>O projeto foi apresentado e explicado publicamente no dia 24 de janeiro de 2017, no Palácio de D. Manuel em Évora. Para além dos responsáveis pela respetiva conceção técnica, estiveram presentes o Presidente da Entidade Regional de Turismo do Alentejo, António Ceia da Silva, e os Presidentes das Câmaras Municipais em cujo território serão construídos os equipamentos que constituirão a primeira fase: Évora, Reguengos de Monsaraz e Montemor-o-Novo.</p>
<p>Segundo Hortência Menino, Presidente da Câmara Municipal de Montemor-o-Novo e simultaneamente Presidente do Conselho Intermunicipal da CIMAC, o objetivo principal do projeto é o de criar estruturas que possam responder ao nível de exigência dos fluxos turísticos, nomeadamente no que se refere ao apoio geral, logística e informação qualificada sobre o que de melhor existe para mostrar. De acordo com o projeto apresentado, a cidade de Évora, como polo principal de atração de visitantes, será dotada de equipamento estrutural adequado a uma função informativa e interpretativa de potenciais destinos turísticos, direcionando os visitantes num âmbito geográfico regional. Desta forma, para além da própria cidade Património Mundial, será possível dar a conhecer os variados pontos de interesse histórico-cultural, natural e paisagístico que existem nos municípios da região, contribuindo para o respetivo desenvolvimento.</p>
<p>A Câmara Municipal de Évora esteve representada pelo Presidente do Executivo, Carlos Pinto de Sá e pela Vice-Presidente Élia Mira. O autarca eborense referiu a importância deste projeto para o desenvolvimento económico a nível regional, salientando que se trata de um trabalho que tem vindo a ser possível graças à capacidade de cooperação institucional de todas as entidades envolvidas, nomeadamente os municípios da região do Alentejo Central, a Entidade Regional de Turismo do Alentejo e o tecido empresarial. Para além das instituições, tem havido a preocupação de envolver a população em geral, a quem se pedem contributos no sentido de valorizar o projeto.</p>
<p>Concretizando no que se refere às ações previstas, Carlos Pinto de Sá adiantou que o Centro de Acolhimento irá situar-se em torno da Praça 1º De Maio, estando já previstas obras de adaptação no Palácio de D. Manuel. Para além deste, serão envolvidos o Mercado 1º de Maio e o Centro de Artes Tradicionais.</p>
<p>Após os três primeiros: Évora, Montemor-o-Novo e Reguengos de Monsaraz, todos os outros municípios do Alentejo Central irão sendo envolvidos neste projeto, de forma a constituir-se um modelo de funcionamento integrado a nível regional.</p>
<p>Por fim foi reforçado o apelo por parte da CIMAC no sentido de envolver a população em geral para participar neste projeto. Para o efeito foi elaborada uma página na internet onde todos poderão inteirar-se das suas caraterísticas e acompanhar a respetiva evolução, dando também o seu contributo.</p>

<p>&nbsp; Os municípios do Alentejo Central preparam projeto global e integrado que coloca a cidade de Évora como interface do fluxo turístico regional. Numa conjuntura em que o turismo é cada vez mais um fator determinante na vida social, cultural e económica do Alentejo, importa acompanhar com especial acuidade a respetiva evolução, as caraterísticas que [&hellip;]</p>
