{"id":27868,"date":"2021-10-18T14:32:36","date_gmt":"2021-10-18T13:32:36","guid":{"rendered":"https:\/\/www.cm-evora.pt\/?page_id=27868"},"modified":"2026-01-30T14:59:27","modified_gmt":"2026-01-30T14:59:27","slug":"casa-eficiente","status":"archive","type":"page","link":"https:\/\/www.cm-evora.pt\/en\/municipe\/areas-de-acao\/habitacao-e-reabilitacao-urbana\/apoios-financeiros\/casa-eficiente\/","title":{"rendered":"Archived: Casa Eficiente"},"content":{"rendered":"<p>O Programa &#8220;<strong>Casa Eficiente 2020<\/strong>&#8221; visa conceder empr\u00e9stimo em condi\u00e7\u00f5es favor\u00e1veis a opera\u00e7\u00f5es que promovam a melhoria do desempenho ambiental dos edif\u00edcios de habita\u00e7\u00e3o particular, com especial enfoque na efici\u00eancia energ\u00e9tica e h\u00eddrica, bem como na gest\u00e3o dos res\u00edduos urbanos. As interven\u00e7\u00f5es poder\u00e3o incidir no envelope do edif\u00edcio e nos seus sistemas.<\/p>\n","protected":false},"excerpt":{"rendered":"<p>O Programa &#8220;Casa Eficiente 2020&#8221; visa conceder empr\u00e9stimo em condi\u00e7\u00f5es favor\u00e1veis a opera\u00e7\u00f5es que promovam a melhoria do desempenho ambiental dos edif\u00edcios de habita\u00e7\u00e3o particular, com especial enfoque na efici\u00eancia energ\u00e9tica e h\u00eddrica, bem como na gest\u00e3o dos res\u00edduos urbanos. As interven\u00e7\u00f5es poder\u00e3o incidir no envelope do edif\u00edcio e nos seus sistemas.<\/p>\n","protected":false},"author":45,"featured_media":0,"parent":16098,"menu_order":4,"comment_status":"closed","ping_status":"closed","template":"templates-map\/component-text-layout1.php","meta":{"_acf_changed":false,"footnotes":""},"categories":[],"class_list":["post-27868","page","type-page","status-archive","hentry"],"acf":{"imagens":"","titulo_docs_seccao":"","documentos":""},"_links":{"self":[{"href":"https:\/\/www.cm-evora.pt\/en\/wp-json\/wp\/v2\/pages\/27868","targetHints":{"allow":["GET"]}}],"collection":[{"href":"https:\/\/www.cm-evora.pt\/en\/wp-json\/wp\/v2\/pages"}],"about":[{"href":"https:\/\/www.cm-evora.pt\/en\/wp-json\/wp\/v2\/types\/page"}],"author":[{"embeddable":true,"href":"https:\/\/www.cm-evora.pt\/en\/wp-json\/wp\/v2\/users\/45"}],"replies":[{"embeddable":true,"href":"https:\/\/www.cm-evora.pt\/en\/wp-json\/wp\/v2\/comments?post=27868"}],"version-history":[{"count":4,"href":"https:\/\/www.cm-evora.pt\/en\/wp-json\/wp\/v2\/pages\/27868\/revisions"}],"predecessor-version":[{"id":47925,"href":"https:\/\/www.cm-evora.pt\/en\/wp-json\/wp\/v2\/pages\/27868\/revisions\/47925"}],"up":[{"embeddable":true,"href":"https:\/\/www.cm-evora.pt\/en\/wp-json\/wp\/v2\/pages\/16098"}],"wp:attachment":[{"href":"https:\/\/www.cm-evora.pt\/en\/wp-json\/wp\/v2\/media?parent=27868"}],"wp:term":[{"taxonomy":"category","embeddable":true,"href":"https:\/\/www.cm-evora.pt\/en\/wp-json\/wp\/v2\/categories?post=27868"}],"curies":[{"name":"wp","href":"https:\/\/api.w.org\/{rel}","templated":true}]}}

<p>O Programa &#8220;<strong>Casa Eficiente 2020</strong>&#8221; visa conceder empréstimo em condições favoráveis a operações que promovam a melhoria do desempenho ambiental dos edifícios de habitação particular, com especial enfoque na eficiência energética e hídrica, bem como na gestão dos resíduos urbanos. As intervenções poderão incidir no envelope do edifício e nos seus sistemas.</p>

<p>O Programa &#8220;Casa Eficiente 2020&#8221; visa conceder empréstimo em condições favoráveis a operações que promovam a melhoria do desempenho ambiental dos edifícios de habitação particular, com especial enfoque na eficiência energética e hídrica, bem como na gestão dos resíduos urbanos. As intervenções poderão incidir no envelope do edifício e nos seus sistemas.</p>
