{"id":69648,"date":"2025-01-02T10:42:34","date_gmt":"2025-01-02T10:42:34","guid":{"rendered":"https:\/\/www.cm-evora.pt\/?page_id=69648"},"modified":"2025-01-02T11:30:51","modified_gmt":"2025-01-02T11:30:51","slug":"etica-pelo-desporto","status":"publish","type":"page","link":"https:\/\/www.cm-evora.pt\/en\/municipe\/areas-de-acao\/desporto-e-lazer\/etica-pelo-desporto\/","title":{"rendered":"\u00c9tica pelo Desporto"},"content":{"rendered":"<p style=\"text-align: center\"><a href=\"https:\/\/www.cm-evora.pt\/wp-content\/uploads\/2025\/01\/logo-etica-pelo-desporto-Evora.jpg\"><img loading=\"lazy\" decoding=\"async\" class=\"alignnone size-full wp-image-69650\" src=\"https:\/\/www.cm-evora.pt\/wp-content\/uploads\/2025\/01\/logo-etica-pelo-desporto-Evora.jpg\" alt=\"\" width=\"1191\" height=\"733\" srcset=\"https:\/\/www.cm-evora.pt\/wp-content\/uploads\/2025\/01\/logo-etica-pelo-desporto-Evora.jpg 1191w, https:\/\/www.cm-evora.pt\/wp-content\/uploads\/2025\/01\/logo-etica-pelo-desporto-Evora-300x185.jpg 300w, https:\/\/www.cm-evora.pt\/wp-content\/uploads\/2025\/01\/logo-etica-pelo-desporto-Evora-1024x630.jpg 1024w, https:\/\/www.cm-evora.pt\/wp-content\/uploads\/2025\/01\/logo-etica-pelo-desporto-Evora-768x473.jpg 768w\" sizes=\"auto, (max-width: 1191px) 100vw, 1191px\" \/><\/a><\/p>\n<h3><strong>O que \u00e9?<\/strong><\/h3>\n<p>\u201c\u00c9tica pelo Desporto\u201d \u00e9 uma a\u00e7\u00e3o educativa, desenvolvida em parceria entre a C\u00e2mara Municipal de \u00c9vora, Divis\u00e3o de Juventude e Desporto e Divis\u00e3o de Educa\u00e7\u00e3o e A\u00e7\u00e3o Social, com a Universidade de \u00c9vora, Escola de Ci\u00eancias Sociais, Departamento de Filosofia. Tendo sido estabelecido protocolo espec\u00edfico para desenvolver a a\u00e7\u00e3o.<\/p>\n<p>Destinada a refletir e a introduzir conte\u00fados atualizados sobre a \u00c9tica, e \u00c9tica Desportiva junto das crian\u00e7as, jovens, e fam\u00edlias, t\u00e9cnicos e dirigentes atrav\u00e9s de sess\u00f5es para escolas, associa\u00e7\u00f5es desportivas, programas municipais e outros.<\/p>\n<p>Decorre em sess\u00f5es de 30 a 55 min, orientada por uma equipa composta por Docente da Universidade de \u00c9vora, Departamento de Filosofia e T\u00e9cnico de Desporto da CME, sendo poss\u00edveis a participa\u00e7\u00e3o de convidados. \u00c9 uma a\u00e7\u00e3o onde s\u00e3o abordadas quest\u00f5es de comportamento e de decis\u00e3o, em que se analisam conceitos relativos aos Valores.<\/p>\n<p>&nbsp;<\/p>\n<h3><strong>Objetivos \u201c\u00c9tica pelo Desporto<\/strong><strong>\u201d<\/strong><\/h3>\n<ul>\n<li style=\"list-style-type: none\">\n<ul>\n<li>Promover em conjunto com as Escolas, os Professores, os Alunos, as Associa\u00e7\u00f5es Desportivas, T\u00e9cnicos e Dirigentes o potencial educativo da \u00e9tica pelo desporto, criando mais e diferentes momentos de forma\u00e7\u00e3o c\u00edvica dos participantes.<\/li>\n<li>Valorar o papel dos professores e t\u00e9cnicos como agentes educativos, na viabiliza\u00e7\u00e3o e interesse na participa\u00e7\u00e3o em iniciativas regulares tais como a \u00c9tica pelo desporto, aproveitando assim tamb\u00e9m as potencialidades educativas do desporto e da atividade f\u00edsica.<\/li>\n<li>Organizar todos os anos em parceria com as Escolas, Associa\u00e7\u00f5es Desportivas, Encarregados de Educa\u00e7\u00e3o a\u00e7\u00f5es como por exemplo, a \u201c\u00c9tica pelo desporto\u201d, com objetivo de promover o ensino e a aprendizagem dos valores e princ\u00edpios evidenciado no esp\u00edrito desportivo.<\/li>\n<li>Valorizar e distinguir a \u00c9tica como um atributo, uma compet\u00eancia fundamental na forma\u00e7\u00e3o dos indiv\u00edduos e bem-estar de todos.<\/li>\n<li>Identificar \u00c9vora como um munic\u00edpio que tal como outros, estabelece parcerias ajudando a promover e levar a cabo projetos para a \u00c9tica.<\/li>\n<\/ul>\n<\/li>\n<\/ul>\n<p>&nbsp;<\/p>\n<h3><strong>\u00c9tica pelo Desporto visa particularmente:<\/strong><\/h3>\n<ul>\n<li style=\"list-style-type: none\">\n<ul>\n<li>Conhecer e Promover os Valores da \u00c9tica, usando como exemplos os Valores Desportivos (Cumprimento das Regras, Solidariedade, Honestidade, Respeito, Responsabilidade, Lealdade, Justi\u00e7a, Liberdade, Persist\u00eancia, Coragem etc.).<\/li>\n<li>Gerar recursos que permitam a reflex\u00e3o sobre a \u00c9tica e a \u00c9tica Desportiva.<\/li>\n<li>Promover atividades multidisciplinares de modo a compreender e vivenciar os valores \u00e9ticos inerentes \u00e0 vida, e muito presentes no desporto, que se adquirem durante o desenvolvimento individual com experi\u00eancia no envolvimento familiar, social e escolar.<\/li>\n<\/ul>\n<\/li>\n<\/ul>\n<p>&nbsp;<\/p>\n<h3><strong>Inscri\u00e7\u00f5es<\/strong><\/h3>\n<ul>\n<li style=\"list-style-type: none\">\n<ul>\n<li>Por <span style=\"text-decoration: underline\">email<\/span> para <a href=\"mailto:cmevora@cm-evora.pt\" target=\"_blank\" rel=\"noopener\">cmevora@cm-evora.pt<\/a> com assunto: \u201cInscri\u00e7\u00e3o em \u00e9tica pelo desporto\u201d<\/li>\n<li>Por <span style=\"text-decoration: underline\">formul\u00e1rio de inscri\u00e7\u00e3o<\/span>: <a href=\"https:\/\/forms.gle\/cZ9s9sat7RQfnjjo7\" target=\"_blank\" rel=\"noopener\">https:\/\/forms.gle\/cZ9s9sat7RQfnjjo7<\/a><\/li>\n<\/ul>\n<\/li>\n<\/ul>\n<p>&nbsp;<\/p>\n","protected":false},"excerpt":{"rendered":"<p>O que \u00e9? \u201c\u00c9tica pelo Desporto\u201d \u00e9 uma a\u00e7\u00e3o educativa, desenvolvida em parceria entre a C\u00e2mara Municipal de \u00c9vora, Divis\u00e3o de Juventude e Desporto e Divis\u00e3o de Educa\u00e7\u00e3o e A\u00e7\u00e3o Social, com a Universidade de \u00c9vora, Escola de Ci\u00eancias Sociais, Departamento de Filosofia. Tendo sido estabelecido protocolo espec\u00edfico para desenvolver a a\u00e7\u00e3o. Destinada a refletir [&hellip;]<\/p>\n","protected":false},"author":45,"featured_media":0,"parent":1502,"menu_order":2,"comment_status":"closed","ping_status":"closed","template":"templates-map\/component-file-gallery-layout3.php","meta":{"_acf_changed":false,"footnotes":""},"categories":[],"class_list":["post-69648","page","type-page","status-publish","hentry"],"acf":[],"_links":{"self":[{"href":"https:\/\/www.cm-evora.pt\/en\/wp-json\/wp\/v2\/pages\/69648","targetHints":{"allow":["GET"]}}],"collection":[{"href":"https:\/\/www.cm-evora.pt\/en\/wp-json\/wp\/v2\/pages"}],"about":[{"href":"https:\/\/www.cm-evora.pt\/en\/wp-json\/wp\/v2\/types\/page"}],"author":[{"embeddable":true,"href":"https:\/\/www.cm-evora.pt\/en\/wp-json\/wp\/v2\/users\/45"}],"replies":[{"embeddable":true,"href":"https:\/\/www.cm-evora.pt\/en\/wp-json\/wp\/v2\/comments?post=69648"}],"version-history":[{"count":4,"href":"https:\/\/www.cm-evora.pt\/en\/wp-json\/wp\/v2\/pages\/69648\/revisions"}],"predecessor-version":[{"id":69656,"href":"https:\/\/www.cm-evora.pt\/en\/wp-json\/wp\/v2\/pages\/69648\/revisions\/69656"}],"up":[{"embeddable":true,"href":"https:\/\/www.cm-evora.pt\/en\/wp-json\/wp\/v2\/pages\/1502"}],"wp:attachment":[{"href":"https:\/\/www.cm-evora.pt\/en\/wp-json\/wp\/v2\/media?parent=69648"}],"wp:term":[{"taxonomy":"category","embeddable":true,"href":"https:\/\/www.cm-evora.pt\/en\/wp-json\/wp\/v2\/categories?post=69648"}],"curies":[{"name":"wp","href":"https:\/\/api.w.org\/{rel}","templated":true}]}}

Ética pelo Desporto

<p style="text-align: center"><a href="https://www.cm-evora.pt/wp-content/uploads/2025/01/logo-etica-pelo-desporto-Evora.jpg"><img loading="lazy" decoding="async" class="alignnone size-full wp-image-69650" src="https://www.cm-evora.pt/wp-content/uploads/2025/01/logo-etica-pelo-desporto-Evora.jpg" alt="" width="1191" height="733" srcset="https://www.cm-evora.pt/wp-content/uploads/2025/01/logo-etica-pelo-desporto-Evora.jpg 1191w, https://www.cm-evora.pt/wp-content/uploads/2025/01/logo-etica-pelo-desporto-Evora-300x185.jpg 300w, https://www.cm-evora.pt/wp-content/uploads/2025/01/logo-etica-pelo-desporto-Evora-1024x630.jpg 1024w, https://www.cm-evora.pt/wp-content/uploads/2025/01/logo-etica-pelo-desporto-Evora-768x473.jpg 768w" sizes="auto, (max-width: 1191px) 100vw, 1191px" /></a></p>
<h3><strong>O que é?</strong></h3>
<p>“Ética pelo Desporto” é uma ação educativa, desenvolvida em parceria entre a Câmara Municipal de Évora, Divisão de Juventude e Desporto e Divisão de Educação e Ação Social, com a Universidade de Évora, Escola de Ciências Sociais, Departamento de Filosofia. Tendo sido estabelecido protocolo específico para desenvolver a ação.</p>
<p>Destinada a refletir e a introduzir conteúdos atualizados sobre a Ética, e Ética Desportiva junto das crianças, jovens, e famílias, técnicos e dirigentes através de sessões para escolas, associações desportivas, programas municipais e outros.</p>
<p>Decorre em sessões de 30 a 55 min, orientada por uma equipa composta por Docente da Universidade de Évora, Departamento de Filosofia e Técnico de Desporto da CME, sendo possíveis a participação de convidados. É uma ação onde são abordadas questões de comportamento e de decisão, em que se analisam conceitos relativos aos Valores.</p>
<p>&nbsp;</p>
<h3><strong>Objetivos “Ética pelo Desporto</strong><strong>”</strong></h3>
<ul>
<li style="list-style-type: none">
<ul>
<li>Promover em conjunto com as Escolas, os Professores, os Alunos, as Associações Desportivas, Técnicos e Dirigentes o potencial educativo da ética pelo desporto, criando mais e diferentes momentos de formação cívica dos participantes.</li>
<li>Valorar o papel dos professores e técnicos como agentes educativos, na viabilização e interesse na participação em iniciativas regulares tais como a Ética pelo desporto, aproveitando assim também as potencialidades educativas do desporto e da atividade física.</li>
<li>Organizar todos os anos em parceria com as Escolas, Associações Desportivas, Encarregados de Educação ações como por exemplo, a “Ética pelo desporto”, com objetivo de promover o ensino e a aprendizagem dos valores e princípios evidenciado no espírito desportivo.</li>
<li>Valorizar e distinguir a Ética como um atributo, uma competência fundamental na formação dos indivíduos e bem-estar de todos.</li>
<li>Identificar Évora como um município que tal como outros, estabelece parcerias ajudando a promover e levar a cabo projetos para a Ética.</li>
</ul>
</li>
</ul>
<p>&nbsp;</p>
<h3><strong>Ética pelo Desporto visa particularmente:</strong></h3>
<ul>
<li style="list-style-type: none">
<ul>
<li>Conhecer e Promover os Valores da Ética, usando como exemplos os Valores Desportivos (Cumprimento das Regras, Solidariedade, Honestidade, Respeito, Responsabilidade, Lealdade, Justiça, Liberdade, Persistência, Coragem etc.).</li>
<li>Gerar recursos que permitam a reflexão sobre a Ética e a Ética Desportiva.</li>
<li>Promover atividades multidisciplinares de modo a compreender e vivenciar os valores éticos inerentes à vida, e muito presentes no desporto, que se adquirem durante o desenvolvimento individual com experiência no envolvimento familiar, social e escolar.</li>
</ul>
</li>
</ul>
<p>&nbsp;</p>
<h3><strong>Inscrições</strong></h3>
<ul>
<li style="list-style-type: none">
<ul>
<li>Por <span style="text-decoration: underline">email</span> para <a href="mailto:cmevora@cm-evora.pt" target="_blank" rel="noopener">cmevora@cm-evora.pt</a> com assunto: “Inscrição em ética pelo desporto”</li>
<li>Por <span style="text-decoration: underline">formulário de inscrição</span>: <a href="https://forms.gle/cZ9s9sat7RQfnjjo7" target="_blank" rel="noopener">https://forms.gle/cZ9s9sat7RQfnjjo7</a></li>
</ul>
</li>
</ul>
<p>&nbsp;</p>

<p>O que é? “Ética pelo Desporto” é uma ação educativa, desenvolvida em parceria entre a Câmara Municipal de Évora, Divisão de Juventude e Desporto e Divisão de Educação e Ação Social, com a Universidade de Évora, Escola de Ciências Sociais, Departamento de Filosofia. Tendo sido estabelecido protocolo específico para desenvolver a ação. Destinada a refletir [&hellip;]</p>
