{"id":89091,"date":"2026-09-02T12:53:45","date_gmt":"2026-09-02T11:53:45","guid":{"rendered":"https:\/\/www.cm-evora.pt\/?page_id=89091"},"modified":"2026-09-02T12:53:45","modified_gmt":"2026-09-02T11:53:45","slug":"programa-evora-em-familia","status":"publish","type":"page","link":"https:\/\/www.cm-evora.pt\/en\/municipe\/projetos-municipais\/pel-projeto-educativo-local\/projetos-educativos\/programa-evora-em-familia\/","title":{"rendered":"(Portugu\u00eas) Programa \u201c\u00c9vora em Fam\u00edlia\u201d"},"content":{"rendered":"<p class=\"qtranxs-available-languages-message qtranxs-available-languages-message-en\">Sorry, this entry is only available in <a href=\"https:\/\/www.cm-evora.pt\/pt\/wp-json\/wp\/v2\/pages\/89091\" class=\"qtranxs-available-language-link qtranxs-available-language-link-pt\" title=\"Portugu\u00eas\">Portugu\u00eas<\/a>.<\/p><p>O programa <em>\u00c9vora em Fam\u00edlia<\/em> pretende reunir um conjunto diversificado de atividades promovidas pelos v\u00e1rios equipamentos municipais, com o objetivo de proporcionar \u00e0s fam\u00edlias oportunidades de conv\u00edvio, aprendizagem, bem-estar e participa\u00e7\u00e3o ao longo do ano. Atrav\u00e9s desta iniciativa, o Munic\u00edpio pretende agregar numa \u00fanica programa\u00e7\u00e3o as diferentes propostas dispon\u00edveis, facilitando o acesso \u00e0 oferta municipal e incentivando a viv\u00eancia partilhada de experi\u00eancias que reforcem os la\u00e7os familiares e a liga\u00e7\u00e3o da comunidade ao territ\u00f3rio.<\/p>\n<p>Este programa foca-se na premissa de que a educa\u00e7\u00e3o n\u00e3o est\u00e1 confinada aos muros da escola, devendo utilizar o espa\u00e7o urbano de \u00c9vora como o principal recurso pedag\u00f3gico, nomeadamente o centro hist\u00f3rico da cidade, classificado pela UNESCO como Patrim\u00f3nio Mundial. Este desafio pela educa\u00e7\u00e3o n\u00e3o formal tamb\u00e9m se enquadra no conceito de Cidade Educadora que \u00c9vora abra\u00e7ou em 2001.<\/p>\n<p>&nbsp;<\/p>\n<p><strong>Objetivos:<\/strong><\/p>\n<p><strong>Objetivos Gerais<\/strong><\/p>\n<ul>\n<li style=\"list-style-type: none\">\n<ul>\n<li>Consolidar \u00c9vora como um ecossistema de aprendizagem ao longo da vida.<\/li>\n<li>Fortalecer a coes\u00e3o social atrav\u00e9s de atividades partilhadas entre pais, filhos e av\u00f3s.<\/li>\n<li>Potenciar o sentimento de perten\u00e7a e de cuidado com o bem comum (patrim\u00f3nio material e imaterial).<\/li>\n<\/ul>\n<\/li>\n<\/ul>\n<p><strong>\u00a0<\/strong><\/p>\n<p><strong>Objetivos Espec\u00edficos<\/strong><\/p>\n<ol>\n<li style=\"list-style-type: none\">\n<ol>\n<li><strong>Patrim\u00f3nio:<\/strong> Ensinar e vivenciar a hist\u00f3ria da cidade e do concelho (ex. percursos l\u00fadicos e &#8220;ca\u00e7as ao tesouro&#8221; hist\u00f3rico-culturais).<\/li>\n<li><strong>Sustentabilidade e circularidade:<\/strong> Criar atividades que coloquem no centro da a\u00e7\u00e3o o cuidado com o meio que nos rodeia: <em>aprender t\u00e9cnicas de agricultura biol\u00f3gica adaptadas ao clima mediterr\u00e2nico; Oficinas de Compostagem e \u00c1gua: Como poupar recursos no ecossistema de sequeiro<\/em>.<\/li>\n<li><strong>Cidadania Ativa:<\/strong> Dinamizar atividades que se foquem no bem-estar, pessoal e na conviv\u00eancia com o outro, promovendo \u00e1reas fundamentais como a sa\u00fade e desporto (Ex<em>: Sess\u00f5es de bem-estar em monumentos ou jardins p\u00fablicos)<\/em>.<\/li>\n<li><strong>Cultura e Tradi\u00e7\u00e3o:<\/strong> Dinamizar atividades que promovam o conhecimento da identidade local, dando destaque ao patrim\u00f3nio imaterial, atrav\u00e9s de oficinas de artes e of\u00edcios (ex: <em>corti\u00e7a, olaria, p\u00e3o; Oficinas de cante alentejano; brincas de \u00c9vora)<\/em>.<\/li>\n<\/ol>\n<\/li>\n<\/ol>\n<p>&nbsp;<\/p>\n<p><strong>Estruturas integradas no projeto:<\/strong><\/p>\n<ul>\n<li style=\"list-style-type: none\">\n<ul>\n<li>Pal\u00e1cio D. Manuel<\/li>\n<li>Alto de S. Bento<\/li>\n<li>Ludoteca<\/li>\n<li>Desporto<\/li>\n<li>Caminhada Cromoneta<\/li>\n<\/ul>\n<\/li>\n<\/ul>\n<p>&nbsp;<\/p>\n<p><strong>Calendariza\u00e7\u00e3o:<\/strong> setembro \u2013 dezembro 2026<\/p>\n<ul>\n<li style=\"list-style-type: none\">\n<ul>\n<li>Ludoteca: 1\u00ba S\u00e1bado de cada m\u00eas<\/li>\n<li>Desporto: 2\u00ba S\u00e1bado de cada m\u00eas<\/li>\n<li>Pal\u00e1cio D. Manuel: 3\u00ba S\u00e1bado de cada m\u00eas<\/li>\n<li>Alto de S. Bento: 4\u00ba S\u00e1bado de cada m\u00eas<\/li>\n<\/ul>\n<\/li>\n<\/ul>\n<p><\/p>","protected":false},"excerpt":{"rendered":"<p>Sorry, this entry is only available in Portugu\u00eas.O programa \u00c9vora em Fam\u00edlia pretende reunir um conjunto diversificado de atividades promovidas pelos v\u00e1rios equipamentos municipais, com o objetivo de proporcionar \u00e0s fam\u00edlias oportunidades de conv\u00edvio, aprendizagem, bem-estar e participa\u00e7\u00e3o ao longo do ano. Atrav\u00e9s desta iniciativa, o Munic\u00edpio pretende agregar numa \u00fanica programa\u00e7\u00e3o as diferentes propostas [&hellip;]<\/p>\n","protected":false},"author":45,"featured_media":0,"parent":14190,"menu_order":671,"comment_status":"closed","ping_status":"closed","template":"templates-map\/component-text-list-layout1.php","meta":{"_acf_changed":false,"footnotes":""},"categories":[],"class_list":["post-89091","page","type-page","status-publish","hentry"],"acf":[],"_links":{"self":[{"href":"https:\/\/www.cm-evora.pt\/en\/wp-json\/wp\/v2\/pages\/89091","targetHints":{"allow":["GET"]}}],"collection":[{"href":"https:\/\/www.cm-evora.pt\/en\/wp-json\/wp\/v2\/pages"}],"about":[{"href":"https:\/\/www.cm-evora.pt\/en\/wp-json\/wp\/v2\/types\/page"}],"author":[{"embeddable":true,"href":"https:\/\/www.cm-evora.pt\/en\/wp-json\/wp\/v2\/users\/45"}],"replies":[{"embeddable":true,"href":"https:\/\/www.cm-evora.pt\/en\/wp-json\/wp\/v2\/comments?post=89091"}],"version-history":[{"count":1,"href":"https:\/\/www.cm-evora.pt\/en\/wp-json\/wp\/v2\/pages\/89091\/revisions"}],"predecessor-version":[{"id":89097,"href":"https:\/\/www.cm-evora.pt\/en\/wp-json\/wp\/v2\/pages\/89091\/revisions\/89097"}],"up":[{"embeddable":true,"href":"https:\/\/www.cm-evora.pt\/en\/wp-json\/wp\/v2\/pages\/14190"}],"wp:attachment":[{"href":"https:\/\/www.cm-evora.pt\/en\/wp-json\/wp\/v2\/media?parent=89091"}],"wp:term":[{"taxonomy":"category","embeddable":true,"href":"https:\/\/www.cm-evora.pt\/en\/wp-json\/wp\/v2\/categories?post=89091"}],"curies":[{"name":"wp","href":"https:\/\/api.w.org\/{rel}","templated":true}]}}

(Português) Programa “Évora em Família”

<p class="qtranxs-available-languages-message qtranxs-available-languages-message-en">Sorry, this entry is only available in <a href="https://www.cm-evora.pt/pt/wp-json/wp/v2/pages/89091" class="qtranxs-available-language-link qtranxs-available-language-link-pt" title="Português">Português</a>.</p><p>O programa <em>Évora em Família</em> pretende reunir um conjunto diversificado de atividades promovidas pelos vários equipamentos municipais, com o objetivo de proporcionar às famílias oportunidades de convívio, aprendizagem, bem-estar e participação ao longo do ano. Através desta iniciativa, o Município pretende agregar numa única programação as diferentes propostas disponíveis, facilitando o acesso à oferta municipal e incentivando a vivência partilhada de experiências que reforcem os laços familiares e a ligação da comunidade ao território.</p>
<p>Este programa foca-se na premissa de que a educação não está confinada aos muros da escola, devendo utilizar o espaço urbano de Évora como o principal recurso pedagógico, nomeadamente o centro histórico da cidade, classificado pela UNESCO como Património Mundial. Este desafio pela educação não formal também se enquadra no conceito de Cidade Educadora que Évora abraçou em 2001.</p>
<p>&nbsp;</p>
<p><strong>Objetivos:</strong></p>
<p><strong>Objetivos Gerais</strong></p>
<ul>
<li style="list-style-type: none">
<ul>
<li>Consolidar Évora como um ecossistema de aprendizagem ao longo da vida.</li>
<li>Fortalecer a coesão social através de atividades partilhadas entre pais, filhos e avós.</li>
<li>Potenciar o sentimento de pertença e de cuidado com o bem comum (património material e imaterial).</li>
</ul>
</li>
</ul>
<p><strong> </strong></p>
<p><strong>Objetivos Específicos</strong></p>
<ol>
<li style="list-style-type: none">
<ol>
<li><strong>Património:</strong> Ensinar e vivenciar a história da cidade e do concelho (ex. percursos lúdicos e &#8220;caças ao tesouro&#8221; histórico-culturais).</li>
<li><strong>Sustentabilidade e circularidade:</strong> Criar atividades que coloquem no centro da ação o cuidado com o meio que nos rodeia: <em>aprender técnicas de agricultura biológica adaptadas ao clima mediterrânico; Oficinas de Compostagem e Água: Como poupar recursos no ecossistema de sequeiro</em>.</li>
<li><strong>Cidadania Ativa:</strong> Dinamizar atividades que se foquem no bem-estar, pessoal e na convivência com o outro, promovendo áreas fundamentais como a saúde e desporto (Ex<em>: Sessões de bem-estar em monumentos ou jardins públicos)</em>.</li>
<li><strong>Cultura e Tradição:</strong> Dinamizar atividades que promovam o conhecimento da identidade local, dando destaque ao património imaterial, através de oficinas de artes e ofícios (ex: <em>cortiça, olaria, pão; Oficinas de cante alentejano; brincas de Évora)</em>.</li>
</ol>
</li>
</ol>
<p>&nbsp;</p>
<p><strong>Estruturas integradas no projeto:</strong></p>
<ul>
<li style="list-style-type: none">
<ul>
<li>Palácio D. Manuel</li>
<li>Alto de S. Bento</li>
<li>Ludoteca</li>
<li>Desporto</li>
<li>Caminhada Cromoneta</li>
</ul>
</li>
</ul>
<p>&nbsp;</p>
<p><strong>Calendarização:</strong> setembro – dezembro 2026</p>
<ul>
<li style="list-style-type: none">
<ul>
<li>Ludoteca: 1º Sábado de cada mês</li>
<li>Desporto: 2º Sábado de cada mês</li>
<li>Palácio D. Manuel: 3º Sábado de cada mês</li>
<li>Alto de S. Bento: 4º Sábado de cada mês</li>
</ul>
</li>
</ul>
<p></p>

<p>Sorry, this entry is only available in Português.O programa Évora em Família pretende reunir um conjunto diversificado de atividades promovidas pelos vários equipamentos municipais, com o objetivo de proporcionar às famílias oportunidades de convívio, aprendizagem, bem-estar e participação ao longo do ano. Através desta iniciativa, o Município pretende agregar numa única programação as diferentes propostas [&hellip;]</p>
